{"id":1033,"date":"2020-10-23T00:54:53","date_gmt":"2020-10-23T05:54:53","guid":{"rendered":"http:\/\/studio40shop.com.mx\/?product=mini-tripie-manfrotto-mtpixievo-pixi-evo"},"modified":"2024-03-09T14:22:06","modified_gmt":"2024-03-09T19:22:06","slug":"mini-tripie-manfrotto-mtpixievo-pixi-evo","status":"publish","type":"product","link":"https:\/\/studio40shop.com.mx\/?product=mini-tripie-manfrotto-mtpixievo-pixi-evo","title":{"rendered":"Mini tripie Manfrotto MTPIXIEVO Pixi Evo"},"content":{"rendered":"<p>El Manfrotto PIXI EVO es la evoluci\u00f3n del ya existente mini tripie PIXI. Ha sido dise\u00f1ado como una soluci\u00f3n port\u00e1til de peso ligero para el soporte de c\u00e1maras con objetivos m\u00e1s largos y sus nuevas caracter\u00edsticas nos proporcionan una mayor flexibilidad de uso, robustez y amplias posibilidades de encuadre.<\/p>\n<p>Los tripies PIXI EVO incorporan dos diferentes \u00e1ngulos de patas con un selector deslizable, lo que permite im\u00e1genes a ras de suelo. Otra gran innovaci\u00f3n son las patas de dos secciones, ajustables en cinco diferentes pasos, para poderlas adaptar a cualquier superficie irregular, lo que nos dar\u00e1 la posibilidad de tomar fotograf\u00edas de paisaje con poca luz y fotos de arquitectura con la m\u00e1xima estabilidad.<\/p>\n<p>Con el PIXI EVO tambi\u00e9n tenemos la posibilidad de disparar en modo vertical (retrato), pudiendo inclinar la c\u00e1mara a 90\u00b0 para capturar im\u00e1genes incre\u00edbles, a la vez que nos aseguraremos siempre de tener una gran estabilidad y una alta precisi\u00f3n de encuadre a tomar nuestras fotograf\u00edas. Compatibilidad El PIXI Evo ha sido desarrollado para c\u00e1maras CSC o DSLRs compactas con estas<\/p>\n<p><img decoding=\"async\" src=\"https:\/\/static.vitecimagingsolutions.com\/media\/wysiwyg\/collections\/pixi-evo\/pixie_one_evo_bg.jpg\" \/><\/p>\n<p>Caracter\u00edsticas b\u00e1sicas: \u00b7 Cuerpo peso m\u00e1ximo de 750g \u00b7 Longitud focal m\u00e1ximo 18-200mm (objetivo est\u00e1ndar no profesional) \u00b7 Peso m\u00e1ximo soportado del equipo 2,5kg Color El PIXI Evo est\u00e1 disponible en tres diferentes combinaciones de color: la cl\u00e1sica versi\u00f3n negra, la blanca y la roja-antracita. Para preservar y proteger el acabado y el color original del PIXI, recomendamos limpiarlo con un borrador de l\u00e1piz est\u00e1ndar. Productos especiales o el agua podr\u00edan da\u00f1ar el acabado. Adem\u00e1s, PIXI EVO soporta una amplia gama de dispositivos con un peso m\u00e1ximo de 2,5kg, pero manteniendo un peso extremadamente ligero gracias a su construcci\u00f3n en Adapto y aluminio, y puede llevarse f\u00e1cilmente a cualquier lugar sin resultar molesto o pesado.<br \/>\nEspecificaciones<br \/>\nPeso<br \/>\n260g<br \/>\nColecciones<br \/>\nPixi<br \/>\nCarga M\u00e1xima<br \/>\n2,5kg<br \/>\nAltura m\u00ednima<br \/>\n10.5cm<br \/>\nAltura m\u00e1xima<br \/>\n20cm<br \/>\nTama\u00f1o plegado<br \/>\n20.5cm<br \/>\nColores disponibles<br \/>\nNegro, rojo, blanco<br \/>\nAcople (parte superior)<br \/>\nTornillo de 1\/4 pulgadas<br \/>\nMaterial<br \/>\nAluminio, Tecnopol\u00edmero<br \/>\n\u00c1ngulos de pata<br \/>\n50\u00b0, 75\u00b0<br \/>\nBloqueo de bola<br \/>\nS\u00ed<br \/>\nEnlace f\u00e1cil<br \/>\nNo<br \/>\nControl de fricci\u00f3n<br \/>\nNo<br \/>\nInclinaci\u00f3n (tilt) frontal<br \/>\n-35\u00b0 \/ +35\u00b0<br \/>\nInclinaci\u00f3n (tilt) lateral<br \/>\n-90\u00b0 \/ +40\u00b0<br \/>\nTipo de pata<br \/>\nIndividual<br \/>\nTipo de bloqueo de patas<br \/>\nBloqueo por bot\u00f3n<br \/>\nSecciones de pata<br \/>\n2<br \/>\nColor principal<br \/>\nNegro, rojo y blanco<br \/>\nTemperatura m\u00e1xima de trabajo<br \/>\n60<br \/>\nTemperatura m\u00ednima de trabajo<br \/>\n-30<br \/>\nRotaci\u00f3n panor\u00e1mica<br \/>\n360<br \/>\nTipo de zapata<br \/>\nFija &#8211; con tornillo de 1\/4-20 puladas<\/p>\n","protected":false},"excerpt":{"rendered":"<p>Mini tripie Manfrotto MTPIXIEVO Pixi Evo<\/p>\n","protected":false},"featured_media":856,"comment_status":"open","ping_status":"closed","template":"","meta":{"site-sidebar-layout":"default","site-content-layout":"default","ast-site-content-layout":"default","site-content-style":"default","site-sidebar-style":"default","ast-global-header-display":"","ast-banner-title-visibility":"","ast-main-header-display":"","ast-hfb-above-header-display":"","ast-hfb-below-header-display":"","ast-hfb-mobile-header-display":"","site-post-title":"","ast-breadcrumbs-content":"","ast-featured-img":"","footer-sml-layout":"","ast-disable-related-posts":"","theme-transparent-header-meta":"default","adv-header-id-meta":"","stick-header-meta":"","header-above-stick-meta":"","header-main-stick-meta":"","header-below-stick-meta":"","astra-migrate-meta-layouts":"default","ast-page-background-enabled":"default","ast-page-background-meta":{"desktop":{"background-color":"var(--ast-global-color-4)","background-image":"","background-repeat":"repeat","background-position":"center center","background-size":"auto","background-attachment":"scroll","background-type":"","background-media":"","overlay-type":"","overlay-color":"","overlay-opacity":"","overlay-gradient":""},"tablet":{"background-color":"","background-image":"","background-repeat":"repeat","background-position":"center center","background-size":"auto","background-attachment":"scroll","background-type":"","background-media":"","overlay-type":"","overlay-color":"","overlay-opacity":"","overlay-gradient":""},"mobile":{"background-color":"","background-image":"","background-repeat":"repeat","background-position":"center center","background-size":"auto","background-attachment":"scroll","background-type":"","background-media":"","overlay-type":"","overlay-color":"","overlay-opacity":"","overlay-gradient":""}},"ast-content-background-meta":{"desktop":{"background-color":"var(--ast-global-color-5)","background-image":"","background-repeat":"repeat","background-position":"center center","background-size":"auto","background-attachment":"scroll","background-type":"","background-media":"","overlay-type":"","overlay-color":"","overlay-opacity":"","overlay-gradient":""},"tablet":{"background-color":"var(--ast-global-color-5)","background-image":"","background-repeat":"repeat","background-position":"center center","background-size":"auto","background-attachment":"scroll","background-type":"","background-media":"","overlay-type":"","overlay-color":"","overlay-opacity":"","overlay-gradient":""},"mobile":{"background-color":"var(--ast-global-color-5)","background-image":"","background-repeat":"repeat","background-position":"center center","background-size":"auto","background-attachment":"scroll","background-type":"","background-media":"","overlay-type":"","overlay-color":"","overlay-opacity":"","overlay-gradient":""}},"_themeisle_gutenberg_block_has_review":false},"product_brand":[58],"product_cat":[80,101],"product_tag":[676,699,700,129,538],"class_list":{"0":"post-1033","1":"product","2":"type-product","3":"status-publish","4":"has-post-thumbnail","6":"product_brand-manfrotto","7":"product_cat-tripies","8":"product_cat-tripies-fotografia","9":"product_tag-fotografia","10":"product_tag-mini-tripie","11":"product_tag-pixie","12":"product_tag-tripie","13":"product_tag-video","14":"desktop-align-center","15":"tablet-align-left","16":"mobile-align-left","18":"first","19":"instock","20":"purchasable","21":"product-type-simple"},"aioseo_notices":[],"jetpack_sharing_enabled":true,"_links":{"self":[{"href":"https:\/\/studio40shop.com.mx\/index.php?rest_route=\/wp\/v2\/product\/1033","targetHints":{"allow":["GET"]}}],"collection":[{"href":"https:\/\/studio40shop.com.mx\/index.php?rest_route=\/wp\/v2\/product"}],"about":[{"href":"https:\/\/studio40shop.com.mx\/index.php?rest_route=\/wp\/v2\/types\/product"}],"replies":[{"embeddable":true,"href":"https:\/\/studio40shop.com.mx\/index.php?rest_route=%2Fwp%2Fv2%2Fcomments&post=1033"}],"wp:featuredmedia":[{"embeddable":true,"href":"https:\/\/studio40shop.com.mx\/index.php?rest_route=\/wp\/v2\/media\/856"}],"wp:attachment":[{"href":"https:\/\/studio40shop.com.mx\/index.php?rest_route=%2Fwp%2Fv2%2Fmedia&parent=1033"}],"wp:term":[{"taxonomy":"product_brand","embeddable":true,"href":"https:\/\/studio40shop.com.mx\/index.php?rest_route=%2Fwp%2Fv2%2Fproduct_brand&post=1033"},{"taxonomy":"product_cat","embeddable":true,"href":"https:\/\/studio40shop.com.mx\/index.php?rest_route=%2Fwp%2Fv2%2Fproduct_cat&post=1033"},{"taxonomy":"product_tag","embeddable":true,"href":"https:\/\/studio40shop.com.mx\/index.php?rest_route=%2Fwp%2Fv2%2Fproduct_tag&post=1033"}],"curies":[{"name":"wp","href":"https:\/\/api.w.org\/{rel}","templated":true}]}}