{"id":1034,"date":"2020-10-23T01:03:25","date_gmt":"2020-10-23T01:03:25","guid":{"rendered":"http:\/\/studio40shop.com.mx\/?product=tripie-manfrotto-mkcompactadv-con-cabeza-compact-advanced"},"modified":"2021-10-21T23:00:23","modified_gmt":"2021-10-22T04:00:23","slug":"tripie-manfrotto-mkcompactadv-con-cabeza-compact-advanced","status":"publish","type":"product","link":"https:\/\/studio40shop.com.mx\/?product=tripie-manfrotto-mkcompactadv-con-cabeza-compact-advanced","title":{"rendered":"Tripie Manfrotto MKCOMPACTADV con cabeza Compact Advanced"},"content":{"rendered":"<p>El tripie Compact Advanced incorpora una innovadora cabeza 3 way plegable para lograr la mayor precisi\u00f3n y estabilidad al encuadrar el sujeto a fotografiar. Este tripie est\u00e1 orientado a foto entusiastas m\u00e1s avanzados que poseen una DSLR compacta con objetivo zoom hasta 200mm.<br \/>\nEsta cabeza 3 way posee dos ergon\u00f3micas palancas independientes. Una controla simult\u00e1neamente tanto el movimiento horizontal como la inclinaci\u00f3n, mientras que la otra controla la orientaci\u00f3n de la c\u00e1mara. Con estas dos palancas de control puedes obtener f\u00e1cilmente im\u00e1genes a nivel perfectamente encuadradas y regular todos los movimientos independientemente.<br \/>\nEsta cabeza ha sido espec\u00edficamente dise\u00f1ada para minimizar el tama\u00f1o y maximizar as\u00ed la portabilidad. Su mecanismo exclusivo permite que las palancas se puedan plegar cuando no usamos la r\u00f3tula, haciendo que el tripie sea m\u00e1s f\u00e1cil y c\u00f3modo de transportar.<br \/>\nLa cabeza 3 way de altas prestaciones combinada con tubos de patas reforzados de cinco secciones hacen que el Compact Advanced sea la soluci\u00f3n \u00f3ptima en cuanto a rigidez se refiere, a la vez que es capaz de alcanzar una altura superior -165cm- una vez extendido.<br \/>\nCompatibilidad<br \/>\nEl Tripie Compact Advanced es perfecto para c\u00e1maras r\u00e9flex digitales (DSLR) con objetivo est\u00e1ndar hasta 200mm, pero tambi\u00e9n es compatible con una amplia variedad de dispositivos digitales de hasta 3kg de peso. Tenga en cuenta que un buen n\u00famero de equipos semi-profesionales y profesionales exceden estos requerimientos.<br \/>\nSi posees una Sony Nex 5R\/5T te habr\u00e1s dado cuenta de que dichos modelos tiene una superficie muy peque\u00f1a alrededor de la rosca para montar en el tripie. Por esta raz\u00f3n, con cada Compact Advanced se incluye un adaptador especial que incrementa la superficie del \u00e1rea de montaje de estas c\u00e1maras espec\u00edficas para que se agarren mejor al tripie y obtengamos la m\u00e1xima estabilidad.<br \/>\nDisponible en negro y blanco<br \/>\nEspecificaciones<br \/>\nPeso<br \/>\n1.42kg<br \/>\nColecciones<br \/>\nCompact<br \/>\nMaterial<br \/>\nAluminio, Tecnopol\u00edmero<br \/>\nCarga m\u00e1xima<br \/>\n3kg<br \/>\nAltura m\u00ednima<br \/>\n44.5cm<br \/>\nAltura m\u00e1xima<br \/>\n165cm<br \/>\nAltura m\u00e1xima (con columna central en posici\u00f3n baja)<br \/>\n140,3cm<br \/>\nTama\u00f1o plegado<br \/>\n44cm<br \/>\nTipo de cabeza<br \/>\nCabeza 3 Way<br \/>\nDi\u00e1metro de tubo de las patas<br \/>\n15.2, 18.5, 21.7, 24.9, 28.1mm<br \/>\nSecciones de pata<br \/>\n5<br \/>\n\u00c1ngulos de pata<br \/>\n21\u00b0<br \/>\nAcople (parte superior)<br \/>\nTornillo de 1\/4 pulgadas<br \/>\nBloqueo de bola<br \/>\nNo<br \/>\nBolsa de transporte incluida<br \/>\nCBAGADV-BK<br \/>\nColumna central<br \/>\nR\u00e1pido<br \/>\nColor<br \/>\nNegro, Blanco<br \/>\nEnlace f\u00e1cil<br \/>\nNo<br \/>\nControl de fricci\u00f3n<br \/>\nNo<br \/>\nInclinaci\u00f3n (tilt) frontal<br \/>\n-30\u00b0 \/ +90\u00b0<br \/>\n(pan) independiente<br \/>\nNo<br \/>\nInclinaci\u00f3n (tilt) independiente<br \/>\nNo<br \/>\nInclinaci\u00f3n (tilt) lateral<br \/>\n-30\u00b0 \/ +90\u00b0<br \/>\nTipo de pata<br \/>\nIndividual<br \/>\nTipo de bloqueo de patas<br \/>\nBloqueo por giro<br \/>\nTemperatura m\u00e1xima de trabajo<br \/>\n60<br \/>\nTemperatura m\u00ednima de trabajo<br \/>\n-30<br \/>\nMovimiento de paneo (pan)<br \/>\nNinguna<br \/>\nRotaci\u00f3n panor\u00e1mica<br \/>\n360\u00b0<br \/>\nTipo de zapata<br \/>\n200LT-PL<br \/>\nZapata de acci\u00f3n r\u00e1pida<br \/>\nS\u00ed<br \/>\nMovimiento de inclinaci\u00f3n (tilt)<br \/>\nNinguna<\/p>\n","protected":false},"excerpt":{"rendered":"<h1 class=\"product-title\" style=\"font-size: 1.75rem; margin: 0px; font-family: Helvetica, 'Helvetica Neue', Arial, 'Lucida Grande', sans-serif; color: #4c4c4c; line-height: 1.2;\">Tripie Manfrotto MKCOMPACTADV con cabeza Compact Advanced<\/h1>\n","protected":false},"featured_media":865,"comment_status":"open","ping_status":"closed","template":"","meta":{"site-sidebar-layout":"default","site-content-layout":"default","ast-site-content-layout":"default","site-content-style":"default","site-sidebar-style":"default","ast-global-header-display":"","ast-banner-title-visibility":"","ast-main-header-display":"","ast-hfb-above-header-display":"","ast-hfb-below-header-display":"","ast-hfb-mobile-header-display":"","site-post-title":"","ast-breadcrumbs-content":"","ast-featured-img":"","footer-sml-layout":"","ast-disable-related-posts":"","theme-transparent-header-meta":"default","adv-header-id-meta":"","stick-header-meta":"","header-above-stick-meta":"","header-main-stick-meta":"","header-below-stick-meta":"","astra-migrate-meta-layouts":"default","ast-page-background-enabled":"default","ast-page-background-meta":{"desktop":{"background-color":"var(--ast-global-color-4)","background-image":"","background-repeat":"repeat","background-position":"center center","background-size":"auto","background-attachment":"scroll","background-type":"","background-media":"","overlay-type":"","overlay-color":"","overlay-opacity":"","overlay-gradient":""},"tablet":{"background-color":"","background-image":"","background-repeat":"repeat","background-position":"center center","background-size":"auto","background-attachment":"scroll","background-type":"","background-media":"","overlay-type":"","overlay-color":"","overlay-opacity":"","overlay-gradient":""},"mobile":{"background-color":"","background-image":"","background-repeat":"repeat","background-position":"center center","background-size":"auto","background-attachment":"scroll","background-type":"","background-media":"","overlay-type":"","overlay-color":"","overlay-opacity":"","overlay-gradient":""}},"ast-content-background-meta":{"desktop":{"background-color":"var(--ast-global-color-5)","background-image":"","background-repeat":"repeat","background-position":"center center","background-size":"auto","background-attachment":"scroll","background-type":"","background-media":"","overlay-type":"","overlay-color":"","overlay-opacity":"","overlay-gradient":""},"tablet":{"background-color":"var(--ast-global-color-5)","background-image":"","background-repeat":"repeat","background-position":"center center","background-size":"auto","background-attachment":"scroll","background-type":"","background-media":"","overlay-type":"","overlay-color":"","overlay-opacity":"","overlay-gradient":""},"mobile":{"background-color":"var(--ast-global-color-5)","background-image":"","background-repeat":"repeat","background-position":"center center","background-size":"auto","background-attachment":"scroll","background-type":"","background-media":"","overlay-type":"","overlay-color":"","overlay-opacity":"","overlay-gradient":""}},"_themeisle_gutenberg_block_has_review":false},"product_brand":[58],"product_cat":[80,101],"product_tag":[],"class_list":{"0":"post-1034","1":"product","2":"type-product","3":"status-publish","4":"has-post-thumbnail","6":"product_brand-manfrotto","7":"product_cat-tripies","8":"product_cat-tripies-fotografia","9":"desktop-align-center","10":"tablet-align-left","11":"mobile-align-left","13":"first","14":"outofstock","15":"purchasable","16":"product-type-simple"},"aioseo_notices":[],"jetpack_sharing_enabled":true,"_links":{"self":[{"href":"https:\/\/studio40shop.com.mx\/index.php?rest_route=\/wp\/v2\/product\/1034","targetHints":{"allow":["GET"]}}],"collection":[{"href":"https:\/\/studio40shop.com.mx\/index.php?rest_route=\/wp\/v2\/product"}],"about":[{"href":"https:\/\/studio40shop.com.mx\/index.php?rest_route=\/wp\/v2\/types\/product"}],"replies":[{"embeddable":true,"href":"https:\/\/studio40shop.com.mx\/index.php?rest_route=%2Fwp%2Fv2%2Fcomments&post=1034"}],"wp:featuredmedia":[{"embeddable":true,"href":"https:\/\/studio40shop.com.mx\/index.php?rest_route=\/wp\/v2\/media\/865"}],"wp:attachment":[{"href":"https:\/\/studio40shop.com.mx\/index.php?rest_route=%2Fwp%2Fv2%2Fmedia&parent=1034"}],"wp:term":[{"taxonomy":"product_brand","embeddable":true,"href":"https:\/\/studio40shop.com.mx\/index.php?rest_route=%2Fwp%2Fv2%2Fproduct_brand&post=1034"},{"taxonomy":"product_cat","embeddable":true,"href":"https:\/\/studio40shop.com.mx\/index.php?rest_route=%2Fwp%2Fv2%2Fproduct_cat&post=1034"},{"taxonomy":"product_tag","embeddable":true,"href":"https:\/\/studio40shop.com.mx\/index.php?rest_route=%2Fwp%2Fv2%2Fproduct_tag&post=1034"}],"curies":[{"name":"wp","href":"https:\/\/api.w.org\/{rel}","templated":true}]}}