{"id":1040,"date":"2020-10-23T15:36:03","date_gmt":"2020-10-23T20:36:03","guid":{"rendered":"http:\/\/studio40shop.com.mx\/?product=videocamara-canon-xa11"},"modified":"2021-10-21T22:55:36","modified_gmt":"2021-10-22T03:55:36","slug":"videocamara-canon-xa11","status":"publish","type":"product","link":"https:\/\/studio40shop.com.mx\/?product=videocamara-canon-xa11","title":{"rendered":"Videoc\u00e1mara Canon XA11"},"content":{"rendered":"<p>La compacta videoc\u00e1maras XA11 cuentan con una  amplia gama din\u00e1mica y es ideal para grabar  de forma precisa y con calidad profesional contenido para v\u00eddeos corporativos, eventos sociales, entre muchas otras aplicaciones,  todo con un gran rendimiento especialmente en condiciones de iluminaci\u00f3n complejas de alto contraste.\u2022 Sensor de 1\/2.84\u201d y Procesador Digic DV4\u2022 Full HD en formato AVCHD progresivo y MP4 a 60p y 35Mbps\u2022 Lente Angular 26.8mm y 20X Zoom \u00d3ptico\u2022 Pantalla t\u00e1ctil de 3\u201d y visor \u00d3ptico de 1.56 millones de puntos\u2022 Entradas Mini Jack, HDMI\u2022 Estabilizador Optico de 5 ejes y dinamico\u2022 Amplio rango din\u00e1mico (600%)\u2022 Filtros de densidad neutra de 3 pasos\u2022 Prioridad de altas luces\u2022 Bater\u00eda de gran duraci\u00f3n\u2022 Grabaci\u00f3n a c\u00e1mara r\u00e1pida y lenta (x.4 a x1200)\u2022 Grabaci\u00f3n nocturna con infrarrojos<\/p>\n","protected":false},"excerpt":{"rendered":"<h1 style=\"color:#ee0000;padding:0px;margin:0px;border:0px;font-size:26px;vertical-align:baseline;background-color:transparent;font-family:'OpticSans 201', 'Helvetica Neue', sans-serif;\"><span style=\"margin:0px;padding:0px;border:0px;vertical-align:baseline;background-color:transparent;\">Videoc\u00e1mara Canon XA11<\/span><\/h1>\n","protected":false},"featured_media":902,"comment_status":"open","ping_status":"closed","template":"","meta":{"site-sidebar-layout":"default","site-content-layout":"default","ast-site-content-layout":"default","site-content-style":"default","site-sidebar-style":"default","ast-global-header-display":"","ast-banner-title-visibility":"","ast-main-header-display":"","ast-hfb-above-header-display":"","ast-hfb-below-header-display":"","ast-hfb-mobile-header-display":"","site-post-title":"","ast-breadcrumbs-content":"","ast-featured-img":"","footer-sml-layout":"","ast-disable-related-posts":"","theme-transparent-header-meta":"default","adv-header-id-meta":"","stick-header-meta":"","header-above-stick-meta":"","header-main-stick-meta":"","header-below-stick-meta":"","astra-migrate-meta-layouts":"default","ast-page-background-enabled":"default","ast-page-background-meta":{"desktop":{"background-color":"var(--ast-global-color-4)","background-image":"","background-repeat":"repeat","background-position":"center center","background-size":"auto","background-attachment":"scroll","background-type":"","background-media":"","overlay-type":"","overlay-color":"","overlay-opacity":"","overlay-gradient":""},"tablet":{"background-color":"","background-image":"","background-repeat":"repeat","background-position":"center center","background-size":"auto","background-attachment":"scroll","background-type":"","background-media":"","overlay-type":"","overlay-color":"","overlay-opacity":"","overlay-gradient":""},"mobile":{"background-color":"","background-image":"","background-repeat":"repeat","background-position":"center center","background-size":"auto","background-attachment":"scroll","background-type":"","background-media":"","overlay-type":"","overlay-color":"","overlay-opacity":"","overlay-gradient":""}},"ast-content-background-meta":{"desktop":{"background-color":"var(--ast-global-color-5)","background-image":"","background-repeat":"repeat","background-position":"center center","background-size":"auto","background-attachment":"scroll","background-type":"","background-media":"","overlay-type":"","overlay-color":"","overlay-opacity":"","overlay-gradient":""},"tablet":{"background-color":"var(--ast-global-color-5)","background-image":"","background-repeat":"repeat","background-position":"center center","background-size":"auto","background-attachment":"scroll","background-type":"","background-media":"","overlay-type":"","overlay-color":"","overlay-opacity":"","overlay-gradient":""},"mobile":{"background-color":"var(--ast-global-color-5)","background-image":"","background-repeat":"repeat","background-position":"center center","background-size":"auto","background-attachment":"scroll","background-type":"","background-media":"","overlay-type":"","overlay-color":"","overlay-opacity":"","overlay-gradient":""}},"_themeisle_gutenberg_block_has_review":false},"product_brand":[59],"product_cat":[79],"product_tag":[],"class_list":{"0":"post-1040","1":"product","2":"type-product","3":"status-publish","4":"has-post-thumbnail","6":"product_brand-canon","7":"product_cat-camaras-de-video","8":"desktop-align-center","9":"tablet-align-left","10":"mobile-align-left","12":"first","13":"onbackorder","14":"purchasable","15":"product-type-simple"},"aioseo_notices":[],"jetpack_sharing_enabled":true,"_links":{"self":[{"href":"https:\/\/studio40shop.com.mx\/index.php?rest_route=\/wp\/v2\/product\/1040","targetHints":{"allow":["GET"]}}],"collection":[{"href":"https:\/\/studio40shop.com.mx\/index.php?rest_route=\/wp\/v2\/product"}],"about":[{"href":"https:\/\/studio40shop.com.mx\/index.php?rest_route=\/wp\/v2\/types\/product"}],"replies":[{"embeddable":true,"href":"https:\/\/studio40shop.com.mx\/index.php?rest_route=%2Fwp%2Fv2%2Fcomments&post=1040"}],"wp:featuredmedia":[{"embeddable":true,"href":"https:\/\/studio40shop.com.mx\/index.php?rest_route=\/wp\/v2\/media\/902"}],"wp:attachment":[{"href":"https:\/\/studio40shop.com.mx\/index.php?rest_route=%2Fwp%2Fv2%2Fmedia&parent=1040"}],"wp:term":[{"taxonomy":"product_brand","embeddable":true,"href":"https:\/\/studio40shop.com.mx\/index.php?rest_route=%2Fwp%2Fv2%2Fproduct_brand&post=1040"},{"taxonomy":"product_cat","embeddable":true,"href":"https:\/\/studio40shop.com.mx\/index.php?rest_route=%2Fwp%2Fv2%2Fproduct_cat&post=1040"},{"taxonomy":"product_tag","embeddable":true,"href":"https:\/\/studio40shop.com.mx\/index.php?rest_route=%2Fwp%2Fv2%2Fproduct_tag&post=1040"}],"curies":[{"name":"wp","href":"https:\/\/api.w.org\/{rel}","templated":true}]}}