{"id":1043,"date":"2020-10-23T16:02:29","date_gmt":"2020-10-23T21:02:29","guid":{"rendered":"http:\/\/studio40shop.com.mx\/?product=videocamara-xa45"},"modified":"2021-10-21T22:53:36","modified_gmt":"2021-10-22T03:53:36","slug":"videocamara-xa45","status":"publish","type":"product","link":"https:\/\/studio40shop.com.mx\/?product=videocamara-xa45","title":{"rendered":"Videocamara XA45"},"content":{"rendered":"<p> Lente de zoom \u00f3ptico de alta definici\u00f3n, de 20x, genuino de Canon   Nuevo sensor de imagen CMOS 4K UHD Pro avanzado con un rendimiento impresionante en condiciones de poca luz   Avanzadas funciones de grabaci\u00f3n en alta Definici\u00f3n Real (Full HD) y UHD de 4K, con la terminal de salida 3G-SDI   Dos ranuras para tarjetas SD<br \/>\nGrabaci\u00f3n dual simult\u00e1nea<br \/>\nGrabaci\u00f3n en c\u00e1mara lenta y en c\u00e1mara r\u00e1pida<br \/>\nCalidad de imagen avanzada en alta Definici\u00f3n Real (Full HD)<br \/>\nReproducci\u00f3n de im\u00e1genes sobresaliente<br \/>\nPantalla LCD t\u00e1ctil capacitiva de 3.0 pulgadas con visor electr\u00f3nico que se puede inclinar<br \/>\nSistema de estabilizaci\u00f3n \u00f3ptica de imagen inteligente<br \/>\nControl manual completo<br \/>\nDise\u00f1o ergon\u00f3mico y port\u00e1til<br \/>\nDos entradas de audio XLR con alimentaci\u00f3n fantasma<br \/>\nCompatibilidad con PCM lineal de cuatro canales<br \/>\nUltracompacta con asa desmontable<br \/>\nRealce de alta definici\u00f3n para la Ayuda al Enfoque<br \/>\nBotones asignables para tomas personalizadas<br \/>\nModo de toma infrarrojo para condiciones extremas de poca luz<br \/>\nConexi\u00f3n con varias entradas y salidas<br \/>\nCaracter\u00edsticas avanzadas de visualizaci\u00f3n: patr\u00f3n de cebra, barras de color y tono de prueba<\/p>\n","protected":false},"excerpt":{"rendered":"<p><span style=\"color:#333333;font-family:'OpticSans 201';font-size:12px;\">La videoc\u00e1mara profesional XA45 es la opci\u00f3n ideal para el din\u00e1mico mundo de la producci\u00f3n electr\u00f3nica de informativos (ENG, por sus siglas en ingl\u00e9s), al igual que la producci\u00f3n de videos period\u00edsticos, de tipo documental, corporativos y para la ense\u00f1anza superior. Obtenga r\u00e1pido rendimiento en captura y transmisi\u00f3n.<\/span><\/p>\n","protected":false},"featured_media":923,"comment_status":"open","ping_status":"closed","template":"","meta":{"site-sidebar-layout":"default","site-content-layout":"default","ast-site-content-layout":"default","site-content-style":"default","site-sidebar-style":"default","ast-global-header-display":"","ast-banner-title-visibility":"","ast-main-header-display":"","ast-hfb-above-header-display":"","ast-hfb-below-header-display":"","ast-hfb-mobile-header-display":"","site-post-title":"","ast-breadcrumbs-content":"","ast-featured-img":"","footer-sml-layout":"","ast-disable-related-posts":"","theme-transparent-header-meta":"default","adv-header-id-meta":"","stick-header-meta":"","header-above-stick-meta":"","header-main-stick-meta":"","header-below-stick-meta":"","astra-migrate-meta-layouts":"default","ast-page-background-enabled":"default","ast-page-background-meta":{"desktop":{"background-color":"var(--ast-global-color-4)","background-image":"","background-repeat":"repeat","background-position":"center center","background-size":"auto","background-attachment":"scroll","background-type":"","background-media":"","overlay-type":"","overlay-color":"","overlay-opacity":"","overlay-gradient":""},"tablet":{"background-color":"","background-image":"","background-repeat":"repeat","background-position":"center center","background-size":"auto","background-attachment":"scroll","background-type":"","background-media":"","overlay-type":"","overlay-color":"","overlay-opacity":"","overlay-gradient":""},"mobile":{"background-color":"","background-image":"","background-repeat":"repeat","background-position":"center center","background-size":"auto","background-attachment":"scroll","background-type":"","background-media":"","overlay-type":"","overlay-color":"","overlay-opacity":"","overlay-gradient":""}},"ast-content-background-meta":{"desktop":{"background-color":"var(--ast-global-color-5)","background-image":"","background-repeat":"repeat","background-position":"center center","background-size":"auto","background-attachment":"scroll","background-type":"","background-media":"","overlay-type":"","overlay-color":"","overlay-opacity":"","overlay-gradient":""},"tablet":{"background-color":"var(--ast-global-color-5)","background-image":"","background-repeat":"repeat","background-position":"center center","background-size":"auto","background-attachment":"scroll","background-type":"","background-media":"","overlay-type":"","overlay-color":"","overlay-opacity":"","overlay-gradient":""},"mobile":{"background-color":"var(--ast-global-color-5)","background-image":"","background-repeat":"repeat","background-position":"center center","background-size":"auto","background-attachment":"scroll","background-type":"","background-media":"","overlay-type":"","overlay-color":"","overlay-opacity":"","overlay-gradient":""}},"_themeisle_gutenberg_block_has_review":false},"product_brand":[59],"product_cat":[79],"product_tag":[],"class_list":{"0":"post-1043","1":"product","2":"type-product","3":"status-publish","4":"has-post-thumbnail","6":"product_brand-canon","7":"product_cat-camaras-de-video","8":"desktop-align-center","9":"tablet-align-left","10":"mobile-align-left","12":"first","13":"onbackorder","14":"purchasable","15":"product-type-simple"},"aioseo_notices":[],"jetpack_sharing_enabled":true,"_links":{"self":[{"href":"https:\/\/studio40shop.com.mx\/index.php?rest_route=\/wp\/v2\/product\/1043","targetHints":{"allow":["GET"]}}],"collection":[{"href":"https:\/\/studio40shop.com.mx\/index.php?rest_route=\/wp\/v2\/product"}],"about":[{"href":"https:\/\/studio40shop.com.mx\/index.php?rest_route=\/wp\/v2\/types\/product"}],"replies":[{"embeddable":true,"href":"https:\/\/studio40shop.com.mx\/index.php?rest_route=%2Fwp%2Fv2%2Fcomments&post=1043"}],"wp:featuredmedia":[{"embeddable":true,"href":"https:\/\/studio40shop.com.mx\/index.php?rest_route=\/wp\/v2\/media\/923"}],"wp:attachment":[{"href":"https:\/\/studio40shop.com.mx\/index.php?rest_route=%2Fwp%2Fv2%2Fmedia&parent=1043"}],"wp:term":[{"taxonomy":"product_brand","embeddable":true,"href":"https:\/\/studio40shop.com.mx\/index.php?rest_route=%2Fwp%2Fv2%2Fproduct_brand&post=1043"},{"taxonomy":"product_cat","embeddable":true,"href":"https:\/\/studio40shop.com.mx\/index.php?rest_route=%2Fwp%2Fv2%2Fproduct_cat&post=1043"},{"taxonomy":"product_tag","embeddable":true,"href":"https:\/\/studio40shop.com.mx\/index.php?rest_route=%2Fwp%2Fv2%2Fproduct_tag&post=1043"}],"curies":[{"name":"wp","href":"https:\/\/api.w.org\/{rel}","templated":true}]}}