{"id":1120,"date":"2020-10-23T23:46:37","date_gmt":"2020-10-24T04:46:37","guid":{"rendered":"http:\/\/studio40shop.com.mx\/?product=camara-canon-5d-mark-iv-con-lente-ef-24-105mm-f4l-is-ii-usm"},"modified":"2023-09-19T15:00:24","modified_gmt":"2023-09-19T20:00:24","slug":"camara-canon-5d-mark-iv-con-lente-ef-24-105mm-f4l-is-ii-usm","status":"publish","type":"product","link":"https:\/\/studio40shop.com.mx\/?product=camara-canon-5d-mark-iv-con-lente-ef-24-105mm-f4l-is-ii-usm","title":{"rendered":"C\u00e1mara Canon 5D Mark IV con lente EF 24-105mm f\/4L IS II USM"},"content":{"rendered":"<p>Compensaci\u00f3n de la exposici\u00f3n con flash :\u00b15 pasos en incrementos de 1\/3 o 1\/2 pasos<br \/>\nN\u00famero de puntos de enfoque :61 puntos de autoenfoque, 41 puntos AF tipo cruz, 5 puntos tipo cruz duales<br \/>\nMegapixeles :30.4<br \/>\nModos de medici\u00f3n :medici\u00f3n de 252 zonas<br \/>\nDimensiones y Peso :Dimensiones Aprox. 150.7 x 116.4 x 75.9 mm Peso Aprox. 890 g<br \/>\nFormato de archivo de video :Video: MOV, MPEG4 AVC\/H.264<br \/>\nFPS :7 FPS<br \/>\nFormato de Imagen :36 x 24 mm (cuadro completo)<br \/>\nModos de enfoque :Autoenfoque AF de Una Toma AF Servo AI Predecible (AF Servo AI III) AF de Enfoque AI Cambia autom\u00e1ticamente entre AF de Una Toma y AF Al Servo. Enfoque Manual<br \/>\nLentes Compatibles :Lentes de serie EF<br \/>\nCalidad de video :4K \/ Full HD \/ HD<br \/>\nCobertura de visor :Aprox. 100% vertical y horizontalmente<br \/>\nVelocidad de Obturaci\u00f3n :De 1\/8000 a 30 s, exposici\u00f3n prolongada<br \/>\nTipo Sensor de Imagen :Sensor CMOS Full Frame<br \/>\nProcesador de imagen :DIGIC 6+<br \/>\nFuente de energ\u00eda :Bater\u00eda LP-E6N Cargador de bater\u00eda LC-E6<br \/>\nFlash incluido :Flash autom\u00e1tico E-TTL II, medici\u00f3n manual<br \/>\nNotificaci\u00f3n Autom\u00e1tica :Y<br \/>\nConectividad :WiFi \/ NFC<br \/>\nRango de ISO :ISO 100\u201332000<\/p>\n","protected":false},"excerpt":{"rendered":"<p>C\u00e1mara R\u00e9flex DSLR. Video 4K. Megapixeles 30.4. ISO 25600. GPS, WiFi. Dual Pixel.<\/p>\n","protected":false},"featured_media":1121,"comment_status":"open","ping_status":"closed","template":"","meta":{"site-sidebar-layout":"default","site-content-layout":"default","ast-site-content-layout":"","site-content-style":"default","site-sidebar-style":"default","ast-global-header-display":"","ast-banner-title-visibility":"","ast-main-header-display":"","ast-hfb-above-header-display":"","ast-hfb-below-header-display":"","ast-hfb-mobile-header-display":"","site-post-title":"","ast-breadcrumbs-content":"","ast-featured-img":"","footer-sml-layout":"","theme-transparent-header-meta":"default","adv-header-id-meta":"","stick-header-meta":"","header-above-stick-meta":"","header-main-stick-meta":"","header-below-stick-meta":"","astra-migrate-meta-layouts":"default","ast-page-background-enabled":"default","ast-page-background-meta":{"desktop":{"background-color":"var(--ast-global-color-4)","background-image":"","background-repeat":"repeat","background-position":"center center","background-size":"auto","background-attachment":"scroll","background-type":"","background-media":"","overlay-type":"","overlay-color":"","overlay-opacity":"","overlay-gradient":""},"tablet":{"background-color":"","background-image":"","background-repeat":"repeat","background-position":"center center","background-size":"auto","background-attachment":"scroll","background-type":"","background-media":"","overlay-type":"","overlay-color":"","overlay-opacity":"","overlay-gradient":""},"mobile":{"background-color":"","background-image":"","background-repeat":"repeat","background-position":"center center","background-size":"auto","background-attachment":"scroll","background-type":"","background-media":"","overlay-type":"","overlay-color":"","overlay-opacity":"","overlay-gradient":""}},"ast-content-background-meta":{"desktop":{"background-color":"var(--ast-global-color-5)","background-image":"","background-repeat":"repeat","background-position":"center center","background-size":"auto","background-attachment":"scroll","background-type":"","background-media":"","overlay-type":"","overlay-color":"","overlay-opacity":"","overlay-gradient":""},"tablet":{"background-color":"var(--ast-global-color-5)","background-image":"","background-repeat":"repeat","background-position":"center center","background-size":"auto","background-attachment":"scroll","background-type":"","background-media":"","overlay-type":"","overlay-color":"","overlay-opacity":"","overlay-gradient":""},"mobile":{"background-color":"var(--ast-global-color-5)","background-image":"","background-repeat":"repeat","background-position":"center center","background-size":"auto","background-attachment":"scroll","background-type":"","background-media":"","overlay-type":"","overlay-color":"","overlay-opacity":"","overlay-gradient":""}},"_themeisle_gutenberg_block_has_review":false},"product_brand":[59],"product_cat":[96],"product_tag":[],"class_list":{"0":"post-1120","1":"product","2":"type-product","3":"status-publish","4":"has-post-thumbnail","6":"product_brand-canon","7":"product_cat-camaras-de-fotografia","8":"desktop-align-center","9":"tablet-align-left","10":"mobile-align-left","12":"first","13":"onbackorder","14":"purchasable","15":"product-type-simple"},"aioseo_notices":[],"jetpack_sharing_enabled":true,"_links":{"self":[{"href":"https:\/\/studio40shop.com.mx\/index.php?rest_route=\/wp\/v2\/product\/1120","targetHints":{"allow":["GET"]}}],"collection":[{"href":"https:\/\/studio40shop.com.mx\/index.php?rest_route=\/wp\/v2\/product"}],"about":[{"href":"https:\/\/studio40shop.com.mx\/index.php?rest_route=\/wp\/v2\/types\/product"}],"replies":[{"embeddable":true,"href":"https:\/\/studio40shop.com.mx\/index.php?rest_route=%2Fwp%2Fv2%2Fcomments&post=1120"}],"wp:featuredmedia":[{"embeddable":true,"href":"https:\/\/studio40shop.com.mx\/index.php?rest_route=\/wp\/v2\/media\/1121"}],"wp:attachment":[{"href":"https:\/\/studio40shop.com.mx\/index.php?rest_route=%2Fwp%2Fv2%2Fmedia&parent=1120"}],"wp:term":[{"taxonomy":"product_brand","embeddable":true,"href":"https:\/\/studio40shop.com.mx\/index.php?rest_route=%2Fwp%2Fv2%2Fproduct_brand&post=1120"},{"taxonomy":"product_cat","embeddable":true,"href":"https:\/\/studio40shop.com.mx\/index.php?rest_route=%2Fwp%2Fv2%2Fproduct_cat&post=1120"},{"taxonomy":"product_tag","embeddable":true,"href":"https:\/\/studio40shop.com.mx\/index.php?rest_route=%2Fwp%2Fv2%2Fproduct_tag&post=1120"}],"curies":[{"name":"wp","href":"https:\/\/api.w.org\/{rel}","templated":true}]}}