{"id":1176,"date":"2020-10-24T19:20:52","date_gmt":"2020-10-25T00:20:52","guid":{"rendered":"http:\/\/studio40shop.com.mx\/?product=lente-canon-ef-s-55-250mm-f4-5-6-is-stm-telefoto-zoom"},"modified":"2021-10-21T14:17:18","modified_gmt":"2021-10-21T19:17:18","slug":"lente-canon-ef-s-55-250mm-f4-5-6-is-stm-telefoto-zoom","status":"publish","type":"product","link":"https:\/\/studio40shop.com.mx\/?product=lente-canon-ef-s-55-250mm-f4-5-6-is-stm-telefoto-zoom","title":{"rendered":"Lente Canon EF-S 55-250mm f\/4-5.6 IS STM | Telefoto Zoom"},"content":{"rendered":"<p>Para fot\u00f3grafos y camar\u00f3grafos que buscan agregar versatilidad y alcance a su colecci\u00f3n de lentes, el nuevo zoom telefoto EF-S 55-250 mm f \/ 4-5.6 IS STM es un sue\u00f1o hecho realidad, ya que es un Telefoto Zoom de tama\u00f1o compacto y ligero ideal para fotograf\u00edas de naturaleza, viaje y deporte sin dejar a un lado la calidad de imagen.<br \/>\nEXCELENTE CALIDAD DE IMAGEN<br \/>\nEl lente EF-S 55-250 mm f \/ 4-5.6 IS STM presenta un elemento de lente UD (Dispersi\u00f3n Utra Baja) que reduce la aberraci\u00f3n crom\u00e1tica, lo que ayuda a lograr una excelente calidad de imagen con alta resoluci\u00f3n y contraste en todo el rango del zoom. Un diafragma de apertura de 7 aspas aumenta la calidad en \u00e1reas desenfocadas y brinda fondos hermosos y suaves.<br \/>\nSTM para enfoque preciso y silencioso<br \/>\nCuenta con la sorprendente tecnolog\u00eda STM de motor paso a paso y una CPU de alta velocidad recientemente dise\u00f1ada con mecanismo de enfoque y algoritmo AF mejorado para un rendimiento de alta velocidad, compatible con Movie Servo AF de Canon para ajustes de enfoque suaves, silenciosos y continuos en tus videos.<br \/>\nEstabilizador \u00d3ptico de Imagen (IS)<br \/>\nCuenta con estabilizador \u00f3ptico de imagen con una velocidad de obturaci\u00f3n de hasta 3.5 pasos para la correcci\u00f3n de vibraci\u00f3n, lo que resulta muy \u00fatil en situaciones de poca luz o cuando se busca capturar im\u00e1genes n\u00edtidas de objetos lejanos, incluso cuando se captura con la c\u00e1mara en mano.<br \/>\nAc\u00e9rcate m\u00e1s<br \/>\nEl lente EF-S 55-250 mm f\/4-5.6 IS STM tiene un dise\u00f1o compacto gracias a un nuevo sistema de zoom de seis grupos que proporciona una ampliaci\u00f3n m\u00e1xima de 0.29x y una distancia m\u00ednima de enfoque de 0.85m permite capturar objetos muy peque\u00f1os.<br \/>\nCompatibilidad con diferentes filtros<br \/>\nEl elemento frontal no gira, lo que garantiza una f\u00e1cil compatibilidad con accesorios como filtros polarizadores, y el enfoque manual a tiempo completo est\u00e1 disponible incluso en modo AF.<br \/>\nCaracter\u00edsticas<br \/>\nDimensiones y Peso:2.8 in. x 4.4 in. \/ 70.0mm x 111.2mm; 13.2 oz. \/ 375gMotor:STMCaracter\u00edsticas:Estabilizador de Imagen (IS), Sistema Enfoque STMDistancia Focal:55-250mm<br \/>\nDistancia focal m\u00e1s cercana:2.79 ft. \/ 0.85mModelo de c\u00e1mara:EF-S (APS-C)Montura EF, EF-S \u00f3 EF-M:EF-SElementos que incluyen fl\u00faor:15 elementos en 12 grupos<br \/>\nRango de apertura:f\/4-5.6Ideal para:Deportes, Vida salvaje, RetratoTipo (Telefoto, Est\u00e1ndar, Angular):Zoom TelefotoTama\u00f1o del filtro:58mm<\/p>\n","protected":false},"excerpt":{"rendered":"<h1 style=\"color:#ee0000;padding:0px;margin:0px;border:0px;font-size:26px;vertical-align:baseline;background-color:transparent;font-family:'OpticSans 201', 'Helvetica Neue', sans-serif;\"><span style=\"margin:0px;padding:0px;border:0px;vertical-align:baseline;background-color:transparent;\">Lente Canon EF-S 55-250mm f\/4-5.6 IS STM | Telefoto Zoom<\/span><\/h1>\n<p><span style=\"margin:0px;padding:0px;border:0px;vertical-align:baseline;background-color:transparent;\"><\/span><\/p>\n<ul style=\"margin:0px;padding:2px 0px 10px 25px;border:0px;font-size:16.799999237060547px;vertical-align:baseline;background-color:transparent;list-style-type:none;font-family:'OpticSans 201';\">\n<li style=\"margin:0px;padding:0px;border:0px;vertical-align:baseline;background-color:transparent;list-style-type:circle;\">Ac\u00e9rcate a los motivos distantes, como la naturaleza y los deportes<\/li>\n<li style=\"margin:0px;padding:0px;border:0px;vertical-align:baseline;background-color:transparent;list-style-type:circle;\">Enfoque STM fluido y silencioso al grabar v\u00eddeos<\/li>\n<li style=\"margin:0px;padding:0px;border:0px;vertical-align:baseline;background-color:transparent;list-style-type:circle;\">El Estabilizador de la Imagen reduce el efecto borroso producido por el movimiento de la c\u00e1mara<\/li>\n<li style=\"margin:0px;padding:0px;border:0px;vertical-align:baseline;background-color:transparent;list-style-type:circle;\">Un dise\u00f1o compacto y ligero que podr\u00e1s llevar a cualquier parte<\/li>\n<li style=\"margin:0px;padding:0px;border:0px;vertical-align:baseline;background-color:transparent;list-style-type:circle;\">Dise\u00f1o f\u00e1cil de usar que ofrece una magn\u00edfica calidad de imagen<\/li>\n<\/ul>\n","protected":false},"featured_media":1177,"comment_status":"open","ping_status":"closed","template":"","meta":{"site-sidebar-layout":"default","site-content-layout":"default","ast-site-content-layout":"default","site-content-style":"default","site-sidebar-style":"default","ast-global-header-display":"","ast-banner-title-visibility":"","ast-main-header-display":"","ast-hfb-above-header-display":"","ast-hfb-below-header-display":"","ast-hfb-mobile-header-display":"","site-post-title":"","ast-breadcrumbs-content":"","ast-featured-img":"","footer-sml-layout":"","ast-disable-related-posts":"","theme-transparent-header-meta":"default","adv-header-id-meta":"","stick-header-meta":"","header-above-stick-meta":"","header-main-stick-meta":"","header-below-stick-meta":"","astra-migrate-meta-layouts":"default","ast-page-background-enabled":"default","ast-page-background-meta":{"desktop":{"background-color":"var(--ast-global-color-4)","background-image":"","background-repeat":"repeat","background-position":"center center","background-size":"auto","background-attachment":"scroll","background-type":"","background-media":"","overlay-type":"","overlay-color":"","overlay-opacity":"","overlay-gradient":""},"tablet":{"background-color":"","background-image":"","background-repeat":"repeat","background-position":"center center","background-size":"auto","background-attachment":"scroll","background-type":"","background-media":"","overlay-type":"","overlay-color":"","overlay-opacity":"","overlay-gradient":""},"mobile":{"background-color":"","background-image":"","background-repeat":"repeat","background-position":"center center","background-size":"auto","background-attachment":"scroll","background-type":"","background-media":"","overlay-type":"","overlay-color":"","overlay-opacity":"","overlay-gradient":""}},"ast-content-background-meta":{"desktop":{"background-color":"var(--ast-global-color-5)","background-image":"","background-repeat":"repeat","background-position":"center center","background-size":"auto","background-attachment":"scroll","background-type":"","background-media":"","overlay-type":"","overlay-color":"","overlay-opacity":"","overlay-gradient":""},"tablet":{"background-color":"var(--ast-global-color-5)","background-image":"","background-repeat":"repeat","background-position":"center center","background-size":"auto","background-attachment":"scroll","background-type":"","background-media":"","overlay-type":"","overlay-color":"","overlay-opacity":"","overlay-gradient":""},"mobile":{"background-color":"var(--ast-global-color-5)","background-image":"","background-repeat":"repeat","background-position":"center center","background-size":"auto","background-attachment":"scroll","background-type":"","background-media":"","overlay-type":"","overlay-color":"","overlay-opacity":"","overlay-gradient":""}},"_themeisle_gutenberg_block_has_review":false},"product_brand":[59],"product_cat":[97],"product_tag":[],"class_list":{"0":"post-1176","1":"product","2":"type-product","3":"status-publish","4":"has-post-thumbnail","6":"product_brand-canon","7":"product_cat-objetivos-fotografia","8":"desktop-align-center","9":"tablet-align-left","10":"mobile-align-left","12":"first","13":"onbackorder","14":"purchasable","15":"product-type-simple"},"aioseo_notices":[],"jetpack_sharing_enabled":true,"_links":{"self":[{"href":"https:\/\/studio40shop.com.mx\/index.php?rest_route=\/wp\/v2\/product\/1176","targetHints":{"allow":["GET"]}}],"collection":[{"href":"https:\/\/studio40shop.com.mx\/index.php?rest_route=\/wp\/v2\/product"}],"about":[{"href":"https:\/\/studio40shop.com.mx\/index.php?rest_route=\/wp\/v2\/types\/product"}],"replies":[{"embeddable":true,"href":"https:\/\/studio40shop.com.mx\/index.php?rest_route=%2Fwp%2Fv2%2Fcomments&post=1176"}],"wp:featuredmedia":[{"embeddable":true,"href":"https:\/\/studio40shop.com.mx\/index.php?rest_route=\/wp\/v2\/media\/1177"}],"wp:attachment":[{"href":"https:\/\/studio40shop.com.mx\/index.php?rest_route=%2Fwp%2Fv2%2Fmedia&parent=1176"}],"wp:term":[{"taxonomy":"product_brand","embeddable":true,"href":"https:\/\/studio40shop.com.mx\/index.php?rest_route=%2Fwp%2Fv2%2Fproduct_brand&post=1176"},{"taxonomy":"product_cat","embeddable":true,"href":"https:\/\/studio40shop.com.mx\/index.php?rest_route=%2Fwp%2Fv2%2Fproduct_cat&post=1176"},{"taxonomy":"product_tag","embeddable":true,"href":"https:\/\/studio40shop.com.mx\/index.php?rest_route=%2Fwp%2Fv2%2Fproduct_tag&post=1176"}],"curies":[{"name":"wp","href":"https:\/\/api.w.org\/{rel}","templated":true}]}}