{"id":1353,"date":"2020-10-25T11:39:13","date_gmt":"2020-10-25T11:39:13","guid":{"rendered":"http:\/\/studio40shop.com.mx\/?product=portatil-apple-macbook-pro-mvvk2ea-40-6cm-16"},"modified":"2021-10-21T13:29:12","modified_gmt":"2021-10-21T18:29:12","slug":"portatil-apple-macbook-pro-mvvk2ea-40-6cm-16","status":"publish","type":"product","link":"https:\/\/studio40shop.com.mx\/?product=portatil-apple-macbook-pro-mvvk2ea-40-6cm-16","title":{"rendered":"Port\u00e1til &#8211; Apple MacBook Pro MVVK2E\/A 40.6cm (16&#8243;)"},"content":{"rendered":"<p>La MacBook Pro lleva el rendimiento y la portabilidad de la notebook a otro nivel. Te ofrece, en menos de 1.4 kilogramos de peso, procesadores y memoria de alto rendimiento, gr\u00e1ficos avanzados, almacenamiento ultrarr\u00e1pido y mucho m\u00e1s. Podr\u00e1s llegar adonde tus ideas te lleven. La MacBook Pro de 13 pulgadas viene con un procesador Intel de 4 n\u00facleos de octava generaci\u00f3n para ayudarte a resolver r\u00e1pido las tareas m\u00e1s dif\u00edciles, como compilar c\u00f3digo, renderizar modelos 3D, agregar efectos especiales, combinar varias pistas o codificar videos.<br \/>\nDispositivos de Entrada<br \/>\nTeclado retroiluminado<br \/>\nS\u00ed<br \/>\nInformaci\u00f3n T\u00e9cnica<br \/>\nMes de lanzamiento<br \/>\nNoviembre<br \/>\nInterfaces\/Puertos<br \/>\nN\u00famero de puertos Thunderbolt 3<br \/>\n4<br \/>\nVarios<br \/>\nEnergy Star<br \/>\nS\u00ed<br \/>\nAlmacenamiento<br \/>\nTipo de Controlador<br \/>\nSSD<br \/>\nCapacidad Total de la Unidad de Estado S\u00f3lido (SSD)<br \/>\n1TB<br \/>\nDispositivos Incorporados<br \/>\nLector de huellas digitales<br \/>\nS\u00ed<br \/>\nC\u00e1mara Frontal\/C\u00e1mara Web<br \/>\nS\u00ed<br \/>\nInformaci\u00f3n de Bater\u00edas<br \/>\nDuraci\u00f3n \u00fatil de Bater\u00eda (m\u00e1x.)<br \/>\n11Hora(s)<br \/>\nN\u00famero de bater\u00edas<br \/>\n1<br \/>\nMemoria<br \/>\nMemoria Est\u00e1ndar<br \/>\n16GB<br \/>\nTecnolog\u00eda de la Memoria<br \/>\nDDR4 SDRAM<br \/>\nBasic<br \/>\nTipo de Producto<br \/>\nPort\u00e1til<br \/>\nResoluci\u00f3n de la Pantalla<br \/>\n3072 \u00d7 1920<br \/>\nMemoria Est\u00e1ndar<br \/>\n16GB<br \/>\nPeso (Aproximado)<br \/>\n2kg<br \/>\nColor<br \/>\nGris<br \/>\nSistema Operativo<br \/>\nmacOS Catalina<br \/>\nTipo de Controlador<br \/>\nSSD<br \/>\nVelocidad de Procesador<br \/>\n2.30GHz<br \/>\nTipo de Procesador<br \/>\nCore i9<br \/>\nTama\u00f1o de Pantalla<br \/>\n40.6cm (16&#8243;)<br \/>\nNombre de Marca<br \/>\nApple<br \/>\nN\u00facleo del Procesador<br \/>\nOcta-Core (8 n\u00facleos)<br \/>\nFabricante de Procesador<br \/>\nIntel<br \/>\nFabricante de Controlador Gr\u00e1fico<br \/>\nAMD<br \/>\nIntel<br \/>\nModelo de Controlador de Gr\u00e1ficos<br \/>\nRadeon Pro 5500M<br \/>\nUHD Graphics 630<br \/>\nBluetooth<br \/>\nS\u00ed<br \/>\nAccesibilidad de Memoria Gr\u00e1fica<br \/>\nCompartido<br \/>\nDedicado<br \/>\nDuraci\u00f3n \u00fatil de Bater\u00eda (m\u00e1x.)<br \/>\n11Hora(s)<br \/>\nLector de huellas digitales<br \/>\nS\u00ed<br \/>\nEst\u00e1dar LAN sin Cable<br \/>\nIEEE 802.11a\/b\/g\/n\/ac<br \/>\nPotencia m\u00e1xima de alimentaci\u00f3n<br \/>\n96W<br \/>\nFamilia de producto<br \/>\nMacBook Pro<br \/>\nTeclado retroiluminado<br \/>\nS\u00ed<br \/>\nCapacidad Total de la Unidad de Estado S\u00f3lido (SSD)<br \/>\n1TB<br \/>\nPlataforma del sistema operativo<br \/>\nMac OS<br \/>\nGeneraci\u00f3n del procesor<br \/>\n9\u00aa generaci\u00f3n<br \/>\nEnergy Star<br \/>\nS\u00ed<br \/>\nSoftware<br \/>\nSistema Operativo<br \/>\nmacOS Catalina<br \/>\nPlataforma del sistema operativo<br \/>\nMac OS<br \/>\nDescripci\u00f3n de la Alimentaci\u00f3n<br \/>\nVoltaje de Entrada<br \/>\n120V AC<br \/>\n230V AC<br \/>\nPotencia m\u00e1xima de alimentaci\u00f3n<br \/>\n96W<br \/>\nRedes y Comunicaciones<br \/>\nBluetooth<br \/>\nS\u00ed<br \/>\nLAN inal\u00e1mbrica<br \/>\nS\u00ed<br \/>\nEst\u00e1dar LAN sin Cable<br \/>\nIEEE 802.11a\/b\/g\/n\/ac<br \/>\nCaracter\u00edsticas F\u00edsicas<br \/>\nPeso (Aproximado)<br \/>\n2kg<br \/>\nColor<br \/>\nGris<br \/>\nAltura<br \/>\n16.20mm<br \/>\nAnchura<br \/>\n357.9mm<br \/>\nProfundidad<br \/>\n245.9mm<br \/>\nProcesador<br \/>\nVelocidad de Procesador<br \/>\n2.30GHz<br \/>\nTipo de Procesador<br \/>\nCore i9<br \/>\nN\u00facleo del Procesador<br \/>\nOcta-Core (8 n\u00facleos)<br \/>\nFabricante de Procesador<br \/>\nIntel<br \/>\nGeneraci\u00f3n del procesor<br \/>\n9\u00aa generaci\u00f3n<br \/>\nInformaci\u00f3n General<br \/>\nTipo de Producto<br \/>\nPort\u00e1til<br \/>\nC\u00f3digo de Fabricante<br \/>\nMVVK2E\/A<br \/>\nDirecci\u00f3n Web de Fabricante<br \/>\nhttp:\/\/www.apple.com\/mx\/<br \/>\nFabricante<br \/>\nApple, Inc<br \/>\nModelo de Producto<br \/>\nMVVK2E\/A<br \/>\nNombre de Producto<br \/>\nPort\u00e1til MacBook Pro MVVK2E\/A<br \/>\nL\u00ednea de Producto<br \/>\nMacBook Pro<br \/>\nNombre de Marca<br \/>\nApple<br \/>\nPantalla y gr\u00e1ficos<br \/>\nResoluci\u00f3n de la Pantalla<br \/>\n3072 \u00d7 1920<br \/>\nTama\u00f1o de Pantalla<br \/>\n40.6cm (16&#8243;)<br \/>\nFabricante de Controlador Gr\u00e1fico<br \/>\nIntel<br \/>\nAMD<br \/>\nModelo de Controlador de Gr\u00e1ficos<br \/>\nRadeon Pro 5500M<br \/>\nUHD Graphics 630<br \/>\nCapacidad de Memoria de Gr\u00e1ficos<br \/>\nHasta 4GB<br \/>\nTecnolog\u00eda de Memoria de Gr\u00e1ficos<br \/>\nDDR4 SDRAM<br \/>\nGDDR6<br \/>\nAccesibilidad de Memoria Gr\u00e1fica<br \/>\nDedicado<br \/>\nCompartido<br \/>\nTipo de Pantalla<br \/>\nLCD<br \/>\nTecnolog\u00eda de Pantalla<br \/>\nPantalla Retina<br \/>\nTecnolog\u00eda conmutaci\u00f3n en el mismo plano (In-plane Switching, IPS)<br \/>\nTecnolog\u00eda True Tone<\/p>\n","protected":false},"excerpt":{"rendered":"<p><span style=\"color:#333333;font-family:Arial, 'Lucida Grande', sans-serif;font-size:20px;background-color:#ffffff;\">Port\u00e1til &#8211; Apple MacBook Pro MVVK2E\/A 40.6cm (16&#8243;)\u00a0<\/span><span style=\"color:#333333;font-family:Arial, 'Lucida Grande', sans-serif;font-size:20px;background-color:#ffffff;\">&#8211; 3072 \u00d7 1920 &#8211; Intel Core i9 (9\u00aa generaci\u00f3n) Octa-Core (8 n\u00facleos) 2.30GHz &#8211; 16GB RAM &#8211; 1TB SSD &#8211; Gris &#8211; macOS Catalina &#8211; AMD Radeon Pro 5500M con 4GB, Intel UHD Graphics 630 &#8211; Pantalla Retina, Tecnolog\u00eda True Tone, Tecnolog\u00eda conmutaci\u00f3n en el mismo plano (In-plane Switching, IPS) &#8211; 11Hora(s) Duraci\u00f3n de pilas &#8211; IEEE 802.11a\/b\/g\/n\/ac Wireless LAN Standard<\/span><\/p>\n","protected":false},"featured_media":1354,"comment_status":"open","ping_status":"closed","template":"","meta":{"site-sidebar-layout":"default","site-content-layout":"default","ast-site-content-layout":"default","site-content-style":"default","site-sidebar-style":"default","ast-global-header-display":"","ast-banner-title-visibility":"","ast-main-header-display":"","ast-hfb-above-header-display":"","ast-hfb-below-header-display":"","ast-hfb-mobile-header-display":"","site-post-title":"","ast-breadcrumbs-content":"","ast-featured-img":"","footer-sml-layout":"","ast-disable-related-posts":"","theme-transparent-header-meta":"default","adv-header-id-meta":"","stick-header-meta":"","header-above-stick-meta":"","header-main-stick-meta":"","header-below-stick-meta":"","astra-migrate-meta-layouts":"default","ast-page-background-enabled":"default","ast-page-background-meta":{"desktop":{"background-color":"var(--ast-global-color-4)","background-image":"","background-repeat":"repeat","background-position":"center center","background-size":"auto","background-attachment":"scroll","background-type":"","background-media":"","overlay-type":"","overlay-color":"","overlay-opacity":"","overlay-gradient":""},"tablet":{"background-color":"","background-image":"","background-repeat":"repeat","background-position":"center center","background-size":"auto","background-attachment":"scroll","background-type":"","background-media":"","overlay-type":"","overlay-color":"","overlay-opacity":"","overlay-gradient":""},"mobile":{"background-color":"","background-image":"","background-repeat":"repeat","background-position":"center center","background-size":"auto","background-attachment":"scroll","background-type":"","background-media":"","overlay-type":"","overlay-color":"","overlay-opacity":"","overlay-gradient":""}},"ast-content-background-meta":{"desktop":{"background-color":"var(--ast-global-color-5)","background-image":"","background-repeat":"repeat","background-position":"center center","background-size":"auto","background-attachment":"scroll","background-type":"","background-media":"","overlay-type":"","overlay-color":"","overlay-opacity":"","overlay-gradient":""},"tablet":{"background-color":"var(--ast-global-color-5)","background-image":"","background-repeat":"repeat","background-position":"center center","background-size":"auto","background-attachment":"scroll","background-type":"","background-media":"","overlay-type":"","overlay-color":"","overlay-opacity":"","overlay-gradient":""},"mobile":{"background-color":"var(--ast-global-color-5)","background-image":"","background-repeat":"repeat","background-position":"center center","background-size":"auto","background-attachment":"scroll","background-type":"","background-media":"","overlay-type":"","overlay-color":"","overlay-opacity":"","overlay-gradient":""}},"_themeisle_gutenberg_block_has_review":false},"product_brand":[74],"product_cat":[118],"product_tag":[],"class_list":{"0":"post-1353","1":"product","2":"type-product","3":"status-publish","4":"has-post-thumbnail","6":"product_brand-apple","7":"product_cat-sistemas-de-edicion-pc-y-mac","8":"desktop-align-center","9":"tablet-align-left","10":"mobile-align-left","12":"first","13":"outofstock","14":"purchasable","15":"product-type-simple"},"aioseo_notices":[],"jetpack_sharing_enabled":true,"_links":{"self":[{"href":"https:\/\/studio40shop.com.mx\/index.php?rest_route=\/wp\/v2\/product\/1353","targetHints":{"allow":["GET"]}}],"collection":[{"href":"https:\/\/studio40shop.com.mx\/index.php?rest_route=\/wp\/v2\/product"}],"about":[{"href":"https:\/\/studio40shop.com.mx\/index.php?rest_route=\/wp\/v2\/types\/product"}],"replies":[{"embeddable":true,"href":"https:\/\/studio40shop.com.mx\/index.php?rest_route=%2Fwp%2Fv2%2Fcomments&post=1353"}],"wp:featuredmedia":[{"embeddable":true,"href":"https:\/\/studio40shop.com.mx\/index.php?rest_route=\/wp\/v2\/media\/1354"}],"wp:attachment":[{"href":"https:\/\/studio40shop.com.mx\/index.php?rest_route=%2Fwp%2Fv2%2Fmedia&parent=1353"}],"wp:term":[{"taxonomy":"product_brand","embeddable":true,"href":"https:\/\/studio40shop.com.mx\/index.php?rest_route=%2Fwp%2Fv2%2Fproduct_brand&post=1353"},{"taxonomy":"product_cat","embeddable":true,"href":"https:\/\/studio40shop.com.mx\/index.php?rest_route=%2Fwp%2Fv2%2Fproduct_cat&post=1353"},{"taxonomy":"product_tag","embeddable":true,"href":"https:\/\/studio40shop.com.mx\/index.php?rest_route=%2Fwp%2Fv2%2Fproduct_tag&post=1353"}],"curies":[{"name":"wp","href":"https:\/\/api.w.org\/{rel}","templated":true}]}}