{"id":1417,"date":"2020-10-26T23:19:26","date_gmt":"2020-10-26T23:19:26","guid":{"rendered":"http:\/\/studio40shop.com.mx\/?product=kastar-enel15-bateria-para-nikon-en-el15"},"modified":"2022-11-10T17:48:14","modified_gmt":"2022-11-10T22:48:14","slug":"kastar-enel15-bateria-para-nikon-en-el15","status":"publish","type":"product","link":"https:\/\/studio40shop.com.mx\/?product=kastar-enel15-bateria-para-nikon-en-el15","title":{"rendered":"Kastar ENEL15 Bater\u00eda para Nikon EN-EL15"},"content":{"rendered":"<p>El paquete incluye:<\/p>\n<p>1 x Nikon EN-EL15 Bater\u00eda<\/p>\n<p>Bater\u00eda Compatible:<\/p>\n<p>Nikon EN-EL15<br \/>\nCargador Compatible:<\/p>\n<p>Nikon MH-25<br \/>\nCompatible con los siguiente modelos de Nikon:<\/p>\n<p>Nikon 1 V1<br \/>\nNikon D600<br \/>\nNikon D610<br \/>\nNikon D800<br \/>\nNikon D800E<br \/>\nNikon D810<br \/>\nNikon D7000<br \/>\nNikon D7100<\/p>\n<p>Bater\u00eda de repuesto de iones de litio (Li-ion) de la marca Kastar. Alta calidad, larga duraci\u00f3n y precio de fabricaci\u00f3n.<\/p>\n<p>La Bater\u00eda 100% decodificada y 100% Compatible con las C\u00e1maras y Cargadores Originales.<\/p>\n<p>Alta capacidad. Usa celdas japonesas de alta calidad para una mayor duraci\u00f3n de la bater\u00eda sin efecto memoria.<\/p>\n<p>Utiliza un microchip japon\u00e9s integrado que puede evitar la sobrecarga y la sobredescarga.<\/p>\n","protected":false},"excerpt":{"rendered":"<h1 style=\"margin: 0cm 0cm .0001pt; font-size: 24pt; font-family: 'Times New Roman'; line-height: 18.75pt;\"><span lang=\"en-us\" style=\"font-size: 18pt; font-family: 'Helvetica Neue'; color: #333333; font-weight: normal;\" xml:lang=\"en-us\">Kastar ENEL15 Bater\u00eda para\u00a0Nikon EN-EL15, MH-25 y\u00a0D750, D7000, D7100, D7200, D800, D800E, D810, D600, D610, Nikon 1 V1 DSLR C\u00e1mara y MB-D11, MB-D12, MB-D14, MB-D15, MB-D16 Grip<\/span><\/h1>\n","protected":false},"featured_media":1418,"comment_status":"open","ping_status":"closed","template":"","meta":{"site-sidebar-layout":"default","site-content-layout":"default","ast-site-content-layout":"default","site-content-style":"default","site-sidebar-style":"default","ast-global-header-display":"","ast-banner-title-visibility":"","ast-main-header-display":"","ast-hfb-above-header-display":"","ast-hfb-below-header-display":"","ast-hfb-mobile-header-display":"","site-post-title":"","ast-breadcrumbs-content":"","ast-featured-img":"","footer-sml-layout":"","ast-disable-related-posts":"","theme-transparent-header-meta":"default","adv-header-id-meta":"","stick-header-meta":"","header-above-stick-meta":"","header-main-stick-meta":"","header-below-stick-meta":"","astra-migrate-meta-layouts":"default","ast-page-background-enabled":"default","ast-page-background-meta":{"desktop":{"background-color":"var(--ast-global-color-4)","background-image":"","background-repeat":"repeat","background-position":"center center","background-size":"auto","background-attachment":"scroll","background-type":"","background-media":"","overlay-type":"","overlay-color":"","overlay-opacity":"","overlay-gradient":""},"tablet":{"background-color":"","background-image":"","background-repeat":"repeat","background-position":"center center","background-size":"auto","background-attachment":"scroll","background-type":"","background-media":"","overlay-type":"","overlay-color":"","overlay-opacity":"","overlay-gradient":""},"mobile":{"background-color":"","background-image":"","background-repeat":"repeat","background-position":"center center","background-size":"auto","background-attachment":"scroll","background-type":"","background-media":"","overlay-type":"","overlay-color":"","overlay-opacity":"","overlay-gradient":""}},"ast-content-background-meta":{"desktop":{"background-color":"var(--ast-global-color-5)","background-image":"","background-repeat":"repeat","background-position":"center center","background-size":"auto","background-attachment":"scroll","background-type":"","background-media":"","overlay-type":"","overlay-color":"","overlay-opacity":"","overlay-gradient":""},"tablet":{"background-color":"var(--ast-global-color-5)","background-image":"","background-repeat":"repeat","background-position":"center center","background-size":"auto","background-attachment":"scroll","background-type":"","background-media":"","overlay-type":"","overlay-color":"","overlay-opacity":"","overlay-gradient":""},"mobile":{"background-color":"var(--ast-global-color-5)","background-image":"","background-repeat":"repeat","background-position":"center center","background-size":"auto","background-attachment":"scroll","background-type":"","background-media":"","overlay-type":"","overlay-color":"","overlay-opacity":"","overlay-gradient":""}},"_themeisle_gutenberg_block_has_review":false},"product_brand":[64],"product_cat":[86],"product_tag":[124,126,127,156,160,123,128,154],"class_list":{"0":"post-1417","1":"product","2":"type-product","3":"status-publish","4":"has-post-thumbnail","6":"product_brand-kastar","7":"product_cat-baterias-y-power-bank","8":"product_tag-bateria","9":"product_tag-bateria-camara","10":"product_tag-bateria-camara-nikon","11":"product_tag-bateria-en-el15","12":"product_tag-baterias-kastar","13":"product_tag-kastar","14":"product_tag-kastar-bateria","15":"product_tag-kastar-pila","16":"desktop-align-center","17":"tablet-align-left","18":"mobile-align-left","20":"first","21":"outofstock","22":"purchasable","23":"product-type-simple"},"aioseo_notices":[],"jetpack_sharing_enabled":true,"_links":{"self":[{"href":"https:\/\/studio40shop.com.mx\/index.php?rest_route=\/wp\/v2\/product\/1417","targetHints":{"allow":["GET"]}}],"collection":[{"href":"https:\/\/studio40shop.com.mx\/index.php?rest_route=\/wp\/v2\/product"}],"about":[{"href":"https:\/\/studio40shop.com.mx\/index.php?rest_route=\/wp\/v2\/types\/product"}],"replies":[{"embeddable":true,"href":"https:\/\/studio40shop.com.mx\/index.php?rest_route=%2Fwp%2Fv2%2Fcomments&post=1417"}],"wp:featuredmedia":[{"embeddable":true,"href":"https:\/\/studio40shop.com.mx\/index.php?rest_route=\/wp\/v2\/media\/1418"}],"wp:attachment":[{"href":"https:\/\/studio40shop.com.mx\/index.php?rest_route=%2Fwp%2Fv2%2Fmedia&parent=1417"}],"wp:term":[{"taxonomy":"product_brand","embeddable":true,"href":"https:\/\/studio40shop.com.mx\/index.php?rest_route=%2Fwp%2Fv2%2Fproduct_brand&post=1417"},{"taxonomy":"product_cat","embeddable":true,"href":"https:\/\/studio40shop.com.mx\/index.php?rest_route=%2Fwp%2Fv2%2Fproduct_cat&post=1417"},{"taxonomy":"product_tag","embeddable":true,"href":"https:\/\/studio40shop.com.mx\/index.php?rest_route=%2Fwp%2Fv2%2Fproduct_tag&post=1417"}],"curies":[{"name":"wp","href":"https:\/\/api.w.org\/{rel}","templated":true}]}}