{"id":1598,"date":"2021-01-28T09:59:10","date_gmt":"2021-01-28T14:59:10","guid":{"rendered":"http:\/\/studio40shop.com.mx\/?product=lampara-led-ultradelgada-bicolor-p120c-godox"},"modified":"2022-11-10T17:11:49","modified_gmt":"2022-11-10T22:11:49","slug":"lampara-led-ultradelgada-bicolor-p120c-godox","status":"publish","type":"product","link":"https:\/\/studio40shop.com.mx\/?product=lampara-led-ultradelgada-bicolor-p120c-godox","title":{"rendered":"Lampara LED Ultradelgada Bicolor P120C Godox"},"content":{"rendered":"<p>La l\u00e1mpara led P120C es ideal para macrofotograf\u00eda, fotograf\u00eda de boda, fotograf\u00eda de productos, video, entre otras aplicaciones.<br \/>\nEsta ligera l\u00e1mpara brinda un alto brillo para tus fotograf\u00edas y videos, adem\u00e1s es f\u00e1cil de manejar y brinda una precisa temperatura de color.<br \/>\nSe incluye un soporte tipo L para adaptarse mejor a tus necesidades de iluminaci\u00f3n. Es posible montar la l\u00e1mpara en tu c\u00e1mara, sobre un tripie o bien utilizarla de modo manual gracias a su mango de agarre.<br \/>\n&#8211;<br \/>\nLa temperatura de color y el brillo se pueden ajustar en los dimers de la parte trasera de la l\u00e1mpara.<br \/>\n&#8211;<br \/>\nEl peso de la l\u00e1mpara sola es de tan solo 220 gramos y el espesor es de 17mm.<br \/>\n&#8211;<br \/>\nEsta l\u00e1mpara es compatible con las series de bater\u00edas NPF.<br \/>\n&#8211;<br \/>\nTemperatura de color: 3300K \u2013 5600K<br \/>\nLeds de alta calidad<br \/>\nLuz suave y uniforme<br \/>\nIncluye un soporte tipo L<br \/>\nBrillo ajustable<br \/>\nCompatible con la mayor\u00eda de las zapatas<br \/>\nUtiliza bater\u00edas NP-970 (no incluida)<\/p>\n","protected":false},"excerpt":{"rendered":"<p>La l\u00e1mpara LED ultra delgada de Godox es ideal para tus producciones de video o fotograf\u00eda. Cuenta con 12 watts de potencia y se puede montar directamente sobre la zapata de tu c\u00e1mara.<\/p>\n","protected":false},"featured_media":1599,"comment_status":"open","ping_status":"closed","template":"","meta":{"site-sidebar-layout":"default","site-content-layout":"default","ast-site-content-layout":"default","site-content-style":"default","site-sidebar-style":"default","ast-global-header-display":"","ast-banner-title-visibility":"","ast-main-header-display":"","ast-hfb-above-header-display":"","ast-hfb-below-header-display":"","ast-hfb-mobile-header-display":"","site-post-title":"","ast-breadcrumbs-content":"","ast-featured-img":"","footer-sml-layout":"","ast-disable-related-posts":"","theme-transparent-header-meta":"default","adv-header-id-meta":"","stick-header-meta":"","header-above-stick-meta":"","header-main-stick-meta":"","header-below-stick-meta":"","astra-migrate-meta-layouts":"default","ast-page-background-enabled":"default","ast-page-background-meta":{"desktop":{"background-color":"var(--ast-global-color-4)","background-image":"","background-repeat":"repeat","background-position":"center center","background-size":"auto","background-attachment":"scroll","background-type":"","background-media":"","overlay-type":"","overlay-color":"","overlay-opacity":"","overlay-gradient":""},"tablet":{"background-color":"","background-image":"","background-repeat":"repeat","background-position":"center center","background-size":"auto","background-attachment":"scroll","background-type":"","background-media":"","overlay-type":"","overlay-color":"","overlay-opacity":"","overlay-gradient":""},"mobile":{"background-color":"","background-image":"","background-repeat":"repeat","background-position":"center center","background-size":"auto","background-attachment":"scroll","background-type":"","background-media":"","overlay-type":"","overlay-color":"","overlay-opacity":"","overlay-gradient":""}},"ast-content-background-meta":{"desktop":{"background-color":"var(--ast-global-color-5)","background-image":"","background-repeat":"repeat","background-position":"center center","background-size":"auto","background-attachment":"scroll","background-type":"","background-media":"","overlay-type":"","overlay-color":"","overlay-opacity":"","overlay-gradient":""},"tablet":{"background-color":"var(--ast-global-color-5)","background-image":"","background-repeat":"repeat","background-position":"center center","background-size":"auto","background-attachment":"scroll","background-type":"","background-media":"","overlay-type":"","overlay-color":"","overlay-opacity":"","overlay-gradient":""},"mobile":{"background-color":"var(--ast-global-color-5)","background-image":"","background-repeat":"repeat","background-position":"center center","background-size":"auto","background-attachment":"scroll","background-type":"","background-media":"","overlay-type":"","overlay-color":"","overlay-opacity":"","overlay-gradient":""}},"_themeisle_gutenberg_block_has_review":false},"product_brand":[63],"product_cat":[88,109],"product_tag":[],"class_list":{"0":"post-1598","1":"product","2":"type-product","3":"status-publish","4":"has-post-thumbnail","6":"product_brand-godox","7":"product_cat-iluminacion","8":"product_cat-luz-continua","9":"desktop-align-center","10":"tablet-align-left","11":"mobile-align-left","13":"first","14":"outofstock","15":"purchasable","16":"product-type-simple"},"aioseo_notices":[],"jetpack_sharing_enabled":true,"_links":{"self":[{"href":"https:\/\/studio40shop.com.mx\/index.php?rest_route=\/wp\/v2\/product\/1598","targetHints":{"allow":["GET"]}}],"collection":[{"href":"https:\/\/studio40shop.com.mx\/index.php?rest_route=\/wp\/v2\/product"}],"about":[{"href":"https:\/\/studio40shop.com.mx\/index.php?rest_route=\/wp\/v2\/types\/product"}],"replies":[{"embeddable":true,"href":"https:\/\/studio40shop.com.mx\/index.php?rest_route=%2Fwp%2Fv2%2Fcomments&post=1598"}],"wp:featuredmedia":[{"embeddable":true,"href":"https:\/\/studio40shop.com.mx\/index.php?rest_route=\/wp\/v2\/media\/1599"}],"wp:attachment":[{"href":"https:\/\/studio40shop.com.mx\/index.php?rest_route=%2Fwp%2Fv2%2Fmedia&parent=1598"}],"wp:term":[{"taxonomy":"product_brand","embeddable":true,"href":"https:\/\/studio40shop.com.mx\/index.php?rest_route=%2Fwp%2Fv2%2Fproduct_brand&post=1598"},{"taxonomy":"product_cat","embeddable":true,"href":"https:\/\/studio40shop.com.mx\/index.php?rest_route=%2Fwp%2Fv2%2Fproduct_cat&post=1598"},{"taxonomy":"product_tag","embeddable":true,"href":"https:\/\/studio40shop.com.mx\/index.php?rest_route=%2Fwp%2Fv2%2Fproduct_tag&post=1598"}],"curies":[{"name":"wp","href":"https:\/\/api.w.org\/{rel}","templated":true}]}}