{"id":1638,"date":"2021-01-28T11:47:58","date_gmt":"2021-01-28T11:47:58","guid":{"rendered":"http:\/\/studio40shop.com.mx\/?product=monitor-gamer-lg-24mp59g-p-led-23-8-full-hd-75hz-widescreen-freesync-hdmi-negro"},"modified":"2021-10-20T14:18:32","modified_gmt":"2021-10-20T19:18:32","slug":"monitor-gamer-lg-24mp59g-p-led-23-8-full-hd-75hz-widescreen-freesync-hdmi-negro","status":"publish","type":"product","link":"https:\/\/studio40shop.com.mx\/?product=monitor-gamer-lg-24mp59g-p-led-23-8-full-hd-75hz-widescreen-freesync-hdmi-negro","title":{"rendered":"Monitor Gamer LG 24MP59G-P LED 23.8&#8221;, Full HD, 75Hz, Widescreen, FreeSync, HDMI, Negro"},"content":{"rendered":"<p>23.8 pulgadas, Panel IPS FHD<br \/>\n1ms Reducci\u00f3n de Desenfoque Motion Blur<br \/>\nTecnolog\u00eda ADM FreeSync<br \/>\nModo para Juegos<br \/>\nEstabilizador de Negros y Acci\u00f3n Din\u00e1mica de Sincronizaci\u00f3n<br \/>\nDise\u00f1o estilo Gaming<\/p>\n<p>PANTALLA<br \/>\n&#8211;<\/p>\n<p>Tama\u00f1o (pulgadas): 23.8&#8243;<br \/>\nTipo de Panel: IPS<\/p>\n<p>Color Gamut (CIE1976): sRGB Over99%<br \/>\nProfundidad de color (millones): 6bit+FRC, 16.7M<\/p>\n<p>Pixel Pitch (mm): 0.2745&#215;0.2745<br \/>\nProporci\u00f3n de pantalla: 16:9<\/p>\n<p>Resoluci\u00f3n: 1920 x 1080 pixeles<br \/>\nBrillo: cd\/m2  250cd\/m2<\/p>\n<p>Relaci\u00f3n de contraste: Mega<br \/>\nTiempo de respuesta (ms): 5ms &#8211; (1ms con funci\u00f3n MBR)<\/p>\n<p>Angulo de Visi\u00f3n Vertical: 178\u00ba<br \/>\nAngulo de Visi\u00f3n Horizontal: 178\u00ba<\/p>\n<p>Frecuencia Vertical: 56~75Hz<br \/>\nFrecuencia Horizontal: 30~55Hz<\/p>\n<p>Full HD: S\u00ed<\/p>\n","protected":false},"excerpt":{"rendered":"<p>\u00a1Obt\u00e9n la mejor calidad de imagen con este monitor LG de 23.8&#8221; con tecnolog\u00eda AMD FreeSync y Reducci\u00f3n de Motion Blur de 1ms \u00a1Ideal para juegos o tareas de edici\u00f3n!<\/p>\n","protected":false},"featured_media":1639,"comment_status":"open","ping_status":"closed","template":"","meta":{"site-sidebar-layout":"default","site-content-layout":"default","ast-site-content-layout":"","site-content-style":"default","site-sidebar-style":"default","ast-global-header-display":"","ast-banner-title-visibility":"","ast-main-header-display":"","ast-hfb-above-header-display":"","ast-hfb-below-header-display":"","ast-hfb-mobile-header-display":"","site-post-title":"","ast-breadcrumbs-content":"","ast-featured-img":"","footer-sml-layout":"","theme-transparent-header-meta":"default","adv-header-id-meta":"","stick-header-meta":"","header-above-stick-meta":"","header-main-stick-meta":"","header-below-stick-meta":"","astra-migrate-meta-layouts":"default","ast-page-background-enabled":"default","ast-page-background-meta":{"desktop":{"background-color":"var(--ast-global-color-4)","background-image":"","background-repeat":"repeat","background-position":"center center","background-size":"auto","background-attachment":"scroll","background-type":"","background-media":"","overlay-type":"","overlay-color":"","overlay-opacity":"","overlay-gradient":""},"tablet":{"background-color":"","background-image":"","background-repeat":"repeat","background-position":"center center","background-size":"auto","background-attachment":"scroll","background-type":"","background-media":"","overlay-type":"","overlay-color":"","overlay-opacity":"","overlay-gradient":""},"mobile":{"background-color":"","background-image":"","background-repeat":"repeat","background-position":"center center","background-size":"auto","background-attachment":"scroll","background-type":"","background-media":"","overlay-type":"","overlay-color":"","overlay-opacity":"","overlay-gradient":""}},"ast-content-background-meta":{"desktop":{"background-color":"var(--ast-global-color-5)","background-image":"","background-repeat":"repeat","background-position":"center center","background-size":"auto","background-attachment":"scroll","background-type":"","background-media":"","overlay-type":"","overlay-color":"","overlay-opacity":"","overlay-gradient":""},"tablet":{"background-color":"var(--ast-global-color-5)","background-image":"","background-repeat":"repeat","background-position":"center center","background-size":"auto","background-attachment":"scroll","background-type":"","background-media":"","overlay-type":"","overlay-color":"","overlay-opacity":"","overlay-gradient":""},"mobile":{"background-color":"var(--ast-global-color-5)","background-image":"","background-repeat":"repeat","background-position":"center center","background-size":"auto","background-attachment":"scroll","background-type":"","background-media":"","overlay-type":"","overlay-color":"","overlay-opacity":"","overlay-gradient":""}},"_themeisle_gutenberg_block_has_review":false},"product_brand":[],"product_cat":[117,118],"product_tag":[],"class_list":{"0":"post-1638","1":"product","2":"type-product","3":"status-publish","4":"has-post-thumbnail","6":"product_cat-computo","7":"product_cat-sistemas-de-edicion-pc-y-mac","8":"desktop-align-center","9":"tablet-align-left","10":"mobile-align-left","12":"first","13":"outofstock","14":"purchasable","15":"product-type-simple"},"aioseo_notices":[],"jetpack_sharing_enabled":true,"_links":{"self":[{"href":"https:\/\/studio40shop.com.mx\/index.php?rest_route=\/wp\/v2\/product\/1638","targetHints":{"allow":["GET"]}}],"collection":[{"href":"https:\/\/studio40shop.com.mx\/index.php?rest_route=\/wp\/v2\/product"}],"about":[{"href":"https:\/\/studio40shop.com.mx\/index.php?rest_route=\/wp\/v2\/types\/product"}],"replies":[{"embeddable":true,"href":"https:\/\/studio40shop.com.mx\/index.php?rest_route=%2Fwp%2Fv2%2Fcomments&post=1638"}],"wp:featuredmedia":[{"embeddable":true,"href":"https:\/\/studio40shop.com.mx\/index.php?rest_route=\/wp\/v2\/media\/1639"}],"wp:attachment":[{"href":"https:\/\/studio40shop.com.mx\/index.php?rest_route=%2Fwp%2Fv2%2Fmedia&parent=1638"}],"wp:term":[{"taxonomy":"product_brand","embeddable":true,"href":"https:\/\/studio40shop.com.mx\/index.php?rest_route=%2Fwp%2Fv2%2Fproduct_brand&post=1638"},{"taxonomy":"product_cat","embeddable":true,"href":"https:\/\/studio40shop.com.mx\/index.php?rest_route=%2Fwp%2Fv2%2Fproduct_cat&post=1638"},{"taxonomy":"product_tag","embeddable":true,"href":"https:\/\/studio40shop.com.mx\/index.php?rest_route=%2Fwp%2Fv2%2Fproduct_tag&post=1638"}],"curies":[{"name":"wp","href":"https:\/\/api.w.org\/{rel}","templated":true}]}}