{"id":1644,"date":"2021-01-28T12:04:46","date_gmt":"2021-01-28T12:04:46","guid":{"rendered":"http:\/\/studio40shop.com.mx\/?product=disco-duro-interno-seagate-barracuda-3-5-4tb-sata-iii-6-gbits-5400rpm-256mb-cache"},"modified":"2021-10-20T14:17:28","modified_gmt":"2021-10-20T19:17:28","slug":"disco-duro-interno-seagate-barracuda-3-5-4tb-sata-iii-6-gbits-5400rpm-256mb-cache","status":"publish","type":"product","link":"https:\/\/studio40shop.com.mx\/?product=disco-duro-interno-seagate-barracuda-3-5-4tb-sata-iii-6-gbits-5400rpm-256mb-cache","title":{"rendered":"Disco Duro Interno Seagate Barracuda 3.5&#8221;, 4TB, SATA III, 6 Gbit\/s, 5400RPM, 256MB Cache"},"content":{"rendered":"<p>Vers\u00e1tiles y fiables, las feroces y nuevas unidades BarraCuda de Seagate se inspiran en el pasado pero est\u00e1n listas para el futuro. Las unidades BarraCuda son una forma econ\u00f3mica de manejar todas sus necesidades de PC: trabajo, juego, almacenamiento de pel\u00edculas y m\u00fasica, y m\u00e1s.<br \/>\n&#8211;<br \/>\nUsos id\u00f3neos<br \/>\n&#8211;<br \/>\nPC de sobremesa o todo en uno<br \/>\nServidores dom\u00e9sticos<br \/>\nDispositivos de almacenamiento con conexi\u00f3n directa (DAS, por sus siglas en ingl\u00e9s) de gama b\u00e1sica<br \/>\n&#8211;<br \/>\nFormato: 3,5 pulg.<br \/>\nCapacidad: 4 TB<br \/>\nCach\u00e9 (MB): 256 MB<\/p>\n","protected":false},"excerpt":{"rendered":"<p>\u00bfNecesitas m\u00e1s espacio en tu PC de escritorio o Workstation? El disco duro Seagate Barracuda Compute de 4TB tiene todo el espacio necesario para que contin\u00faes con tu edici\u00f3n de contenido.<\/p>\n","protected":false},"featured_media":1645,"comment_status":"open","ping_status":"closed","template":"","meta":{"site-sidebar-layout":"default","site-content-layout":"default","ast-site-content-layout":"","site-content-style":"default","site-sidebar-style":"default","ast-global-header-display":"","ast-banner-title-visibility":"","ast-main-header-display":"","ast-hfb-above-header-display":"","ast-hfb-below-header-display":"","ast-hfb-mobile-header-display":"","site-post-title":"","ast-breadcrumbs-content":"","ast-featured-img":"","footer-sml-layout":"","theme-transparent-header-meta":"default","adv-header-id-meta":"","stick-header-meta":"","header-above-stick-meta":"","header-main-stick-meta":"","header-below-stick-meta":"","astra-migrate-meta-layouts":"default","ast-page-background-enabled":"default","ast-page-background-meta":{"desktop":{"background-color":"var(--ast-global-color-4)","background-image":"","background-repeat":"repeat","background-position":"center center","background-size":"auto","background-attachment":"scroll","background-type":"","background-media":"","overlay-type":"","overlay-color":"","overlay-opacity":"","overlay-gradient":""},"tablet":{"background-color":"","background-image":"","background-repeat":"repeat","background-position":"center center","background-size":"auto","background-attachment":"scroll","background-type":"","background-media":"","overlay-type":"","overlay-color":"","overlay-opacity":"","overlay-gradient":""},"mobile":{"background-color":"","background-image":"","background-repeat":"repeat","background-position":"center center","background-size":"auto","background-attachment":"scroll","background-type":"","background-media":"","overlay-type":"","overlay-color":"","overlay-opacity":"","overlay-gradient":""}},"ast-content-background-meta":{"desktop":{"background-color":"var(--ast-global-color-5)","background-image":"","background-repeat":"repeat","background-position":"center center","background-size":"auto","background-attachment":"scroll","background-type":"","background-media":"","overlay-type":"","overlay-color":"","overlay-opacity":"","overlay-gradient":""},"tablet":{"background-color":"var(--ast-global-color-5)","background-image":"","background-repeat":"repeat","background-position":"center center","background-size":"auto","background-attachment":"scroll","background-type":"","background-media":"","overlay-type":"","overlay-color":"","overlay-opacity":"","overlay-gradient":""},"mobile":{"background-color":"var(--ast-global-color-5)","background-image":"","background-repeat":"repeat","background-position":"center center","background-size":"auto","background-attachment":"scroll","background-type":"","background-media":"","overlay-type":"","overlay-color":"","overlay-opacity":"","overlay-gradient":""}},"_themeisle_gutenberg_block_has_review":false},"product_brand":[72],"product_cat":[114],"product_tag":[],"class_list":{"0":"post-1644","1":"product","2":"type-product","3":"status-publish","4":"has-post-thumbnail","6":"product_brand-seagate","7":"product_cat-discos-duros-y-ssd","8":"desktop-align-center","9":"tablet-align-left","10":"mobile-align-left","12":"first","13":"outofstock","14":"purchasable","15":"product-type-simple"},"aioseo_notices":[],"jetpack_sharing_enabled":true,"_links":{"self":[{"href":"https:\/\/studio40shop.com.mx\/index.php?rest_route=\/wp\/v2\/product\/1644","targetHints":{"allow":["GET"]}}],"collection":[{"href":"https:\/\/studio40shop.com.mx\/index.php?rest_route=\/wp\/v2\/product"}],"about":[{"href":"https:\/\/studio40shop.com.mx\/index.php?rest_route=\/wp\/v2\/types\/product"}],"replies":[{"embeddable":true,"href":"https:\/\/studio40shop.com.mx\/index.php?rest_route=%2Fwp%2Fv2%2Fcomments&post=1644"}],"wp:featuredmedia":[{"embeddable":true,"href":"https:\/\/studio40shop.com.mx\/index.php?rest_route=\/wp\/v2\/media\/1645"}],"wp:attachment":[{"href":"https:\/\/studio40shop.com.mx\/index.php?rest_route=%2Fwp%2Fv2%2Fmedia&parent=1644"}],"wp:term":[{"taxonomy":"product_brand","embeddable":true,"href":"https:\/\/studio40shop.com.mx\/index.php?rest_route=%2Fwp%2Fv2%2Fproduct_brand&post=1644"},{"taxonomy":"product_cat","embeddable":true,"href":"https:\/\/studio40shop.com.mx\/index.php?rest_route=%2Fwp%2Fv2%2Fproduct_cat&post=1644"},{"taxonomy":"product_tag","embeddable":true,"href":"https:\/\/studio40shop.com.mx\/index.php?rest_route=%2Fwp%2Fv2%2Fproduct_tag&post=1644"}],"curies":[{"name":"wp","href":"https:\/\/api.w.org\/{rel}","templated":true}]}}