{"id":2595,"date":"2022-05-04T12:22:45","date_gmt":"2022-05-04T17:22:45","guid":{"rendered":"https:\/\/studio40shop.com.mx\/?post_type=product&#038;p=2595"},"modified":"2022-10-15T12:58:53","modified_gmt":"2022-10-15T17:58:53","slug":"kit-de-iluminacion-portatil-flash-ad300pro-godox","status":"publish","type":"product","link":"https:\/\/studio40shop.com.mx\/?product=kit-de-iluminacion-portatil-flash-ad300pro-godox","title":{"rendered":"Kit de Iluminaci\u00f3n Port\u00e1til Flash AD300PRO Godox"},"content":{"rendered":"<p>El Kit de Iluminaci\u00f3n de Flash AD300PRO de la marca Godox es un flash port\u00e1til que lo hace ideal para trabajar en lugares externos. Cuenta con un rendimiento impresionante y es libre de la toma de corriente de CA.<\/p>\n<p>La l\u00e1mpara AD300PRO emplea una luz de modelado LED, lo que la hace perfecta para reducir el consumo de la bater\u00eda. Cuenta con una temperatura variable de 5600 +\/-100\u00baK.<\/p>\n<p>Gracias al peso ligero de cada flash es muy f\u00e1cil de llevar a todos lados y con su formato de monolight est\u00e1 listo para viajar. Cuenta con una bater\u00eda de iones de litio que proporciona hasta 300 destellos a plena potencia con tiempos de reciclaje de 0,01 a 1,5 segundos, con un rango de potencia de 9 paradas, tiempos de sincronizaci\u00f3n de alta velocidad tan cortos como 1\/8000 segundos y tiene duraciones de flash de parada de acci\u00f3n de 1\/220 a 1\/10200 segundos.<\/p>\n<p>Reciclaje: 0,01 a 1,5 segundos<br \/>\nRango de potencia de 9 paradas<br \/>\nHSS a 1\/8000 segundos<br \/>\nBater\u00eda de iones de litio: 300 destellos a plena potencia<br \/>\nLuz LED de modelado: 3000 a 6000K<br \/>\n300Ws<\/p>\n<p>&nbsp;<\/p>\n","protected":false},"excerpt":{"rendered":"<p>El Kit de Iluminaci\u00f3n de Flash AD300PRO de Godox es perfecto para los fot\u00f3grafos que requieren de una mayor iluminaci\u00f3n a la hora de capturar fotograf\u00edas o grabar videos y necesitan m\u00e1s de una l\u00e1mpara para trabajar. El kit incluye una mochila con divisiones para guardar todos los productos, ya que trae dos flash AD300PRO, dos cargadores con su cables cada uno, dos bater\u00edas WB30P, dos soportes AD-E2, dos bolsas portables para cada flash, dos sombrillas UBL085T y un softbox AD S60S.<\/p>\n","protected":false},"featured_media":2600,"comment_status":"open","ping_status":"closed","template":"","meta":{"site-sidebar-layout":"default","site-content-layout":"default","ast-site-content-layout":"default","site-content-style":"default","site-sidebar-style":"default","ast-global-header-display":"","ast-banner-title-visibility":"","ast-main-header-display":"","ast-hfb-above-header-display":"","ast-hfb-below-header-display":"","ast-hfb-mobile-header-display":"","site-post-title":"","ast-breadcrumbs-content":"","ast-featured-img":"","footer-sml-layout":"","ast-disable-related-posts":"","theme-transparent-header-meta":"default","adv-header-id-meta":"","stick-header-meta":"","header-above-stick-meta":"","header-main-stick-meta":"","header-below-stick-meta":"","astra-migrate-meta-layouts":"default","ast-page-background-enabled":"default","ast-page-background-meta":{"desktop":{"background-color":"var(--ast-global-color-4)","background-image":"","background-repeat":"repeat","background-position":"center center","background-size":"auto","background-attachment":"scroll","background-type":"","background-media":"","overlay-type":"","overlay-color":"","overlay-opacity":"","overlay-gradient":""},"tablet":{"background-color":"","background-image":"","background-repeat":"repeat","background-position":"center center","background-size":"auto","background-attachment":"scroll","background-type":"","background-media":"","overlay-type":"","overlay-color":"","overlay-opacity":"","overlay-gradient":""},"mobile":{"background-color":"","background-image":"","background-repeat":"repeat","background-position":"center center","background-size":"auto","background-attachment":"scroll","background-type":"","background-media":"","overlay-type":"","overlay-color":"","overlay-opacity":"","overlay-gradient":""}},"ast-content-background-meta":{"desktop":{"background-color":"var(--ast-global-color-5)","background-image":"","background-repeat":"repeat","background-position":"center center","background-size":"auto","background-attachment":"scroll","background-type":"","background-media":"","overlay-type":"","overlay-color":"","overlay-opacity":"","overlay-gradient":""},"tablet":{"background-color":"var(--ast-global-color-5)","background-image":"","background-repeat":"repeat","background-position":"center center","background-size":"auto","background-attachment":"scroll","background-type":"","background-media":"","overlay-type":"","overlay-color":"","overlay-opacity":"","overlay-gradient":""},"mobile":{"background-color":"var(--ast-global-color-5)","background-image":"","background-repeat":"repeat","background-position":"center center","background-size":"auto","background-attachment":"scroll","background-type":"","background-media":"","overlay-type":"","overlay-color":"","overlay-opacity":"","overlay-gradient":""}},"_themeisle_gutenberg_block_has_review":false},"product_brand":[],"product_cat":[103,88,104],"product_tag":[],"class_list":{"0":"post-2595","1":"product","2":"type-product","3":"status-publish","4":"has-post-thumbnail","6":"product_cat-flashes-de-estudio-y-speedlite","7":"product_cat-iluminacion","8":"product_cat-kits-de-iluminacion","9":"desktop-align-center","10":"tablet-align-left","11":"mobile-align-left","13":"first","14":"onbackorder","15":"taxable","16":"shipping-taxable","17":"purchasable","18":"product-type-simple"},"aioseo_notices":[],"jetpack_sharing_enabled":true,"_links":{"self":[{"href":"https:\/\/studio40shop.com.mx\/index.php?rest_route=\/wp\/v2\/product\/2595","targetHints":{"allow":["GET"]}}],"collection":[{"href":"https:\/\/studio40shop.com.mx\/index.php?rest_route=\/wp\/v2\/product"}],"about":[{"href":"https:\/\/studio40shop.com.mx\/index.php?rest_route=\/wp\/v2\/types\/product"}],"replies":[{"embeddable":true,"href":"https:\/\/studio40shop.com.mx\/index.php?rest_route=%2Fwp%2Fv2%2Fcomments&post=2595"}],"wp:featuredmedia":[{"embeddable":true,"href":"https:\/\/studio40shop.com.mx\/index.php?rest_route=\/wp\/v2\/media\/2600"}],"wp:attachment":[{"href":"https:\/\/studio40shop.com.mx\/index.php?rest_route=%2Fwp%2Fv2%2Fmedia&parent=2595"}],"wp:term":[{"taxonomy":"product_brand","embeddable":true,"href":"https:\/\/studio40shop.com.mx\/index.php?rest_route=%2Fwp%2Fv2%2Fproduct_brand&post=2595"},{"taxonomy":"product_cat","embeddable":true,"href":"https:\/\/studio40shop.com.mx\/index.php?rest_route=%2Fwp%2Fv2%2Fproduct_cat&post=2595"},{"taxonomy":"product_tag","embeddable":true,"href":"https:\/\/studio40shop.com.mx\/index.php?rest_route=%2Fwp%2Fv2%2Fproduct_tag&post=2595"}],"curies":[{"name":"wp","href":"https:\/\/api.w.org\/{rel}","templated":true}]}}