{"id":2743,"date":"2022-05-05T18:16:11","date_gmt":"2022-05-05T23:16:11","guid":{"rendered":"https:\/\/studio40shop.com.mx\/?post_type=product&#038;p=2743"},"modified":"2022-05-05T19:08:15","modified_gmt":"2022-05-06T00:08:15","slug":"softbox-cuadrado-tipo-sombrilla-de-90x90cm","status":"publish","type":"product","link":"https:\/\/studio40shop.com.mx\/?product=softbox-cuadrado-tipo-sombrilla-de-90x90cm","title":{"rendered":"Softbox Cuadrado Tipo Sombrilla De 90x90cm"},"content":{"rendered":"<p>Para fotograf\u00eda de crecimiento, son adecuadas las cajas rectangulares y cualquier otro modificador<br \/>\nde gran tama\u00f1o.<\/p>\n<p>Caracter\u00edsticas:<\/p>\n<p>El montaje de la estructura es intuitivo y no requiere mucho tiempo.<br \/>\nLa instalaci\u00f3n en la iluminaci\u00f3n del estudio se realiza a trav\u00e9s de una conexi\u00f3n de bayoneta: adaptador de aluminio<br \/>\nfundido a presi\u00f3n y anillo de bayoneta intercambiable en Bowens.<br \/>\nEste tipo de conexi\u00f3n proporciona rotaci\u00f3n libre del modificador.<br \/>\nIncluye:<\/p>\n<p>Softbox con marco de paraguas<br \/>\nAnillo \/ adaptador de montaje para soportes est\u00e1ndar Bowens<br \/>\n2 difusores (internos y externos)<br \/>\nEstuche de bolsa.<br \/>\nCuando est\u00e1 plegado, tiene dimensiones compactas, conveniente para el transporte.<\/p>\n","protected":false},"excerpt":{"rendered":"<p>Dise\u00f1ado para usar en flashes de estudio como relleno, as\u00ed como para modelar fuentes de luz. La superficie plateada reflejante proporciona una distribuci\u00f3n uniforme de la luz dentro de la softbox, los difusores transl\u00facidos blancos hacen que la luz sea m\u00e1s suave.<\/p>\n","protected":false},"featured_media":2744,"comment_status":"open","ping_status":"closed","template":"","meta":{"site-sidebar-layout":"default","site-content-layout":"default","ast-site-content-layout":"","site-content-style":"default","site-sidebar-style":"default","ast-global-header-display":"","ast-banner-title-visibility":"","ast-main-header-display":"","ast-hfb-above-header-display":"","ast-hfb-below-header-display":"","ast-hfb-mobile-header-display":"","site-post-title":"","ast-breadcrumbs-content":"","ast-featured-img":"","footer-sml-layout":"","theme-transparent-header-meta":"default","adv-header-id-meta":"","stick-header-meta":"","header-above-stick-meta":"","header-main-stick-meta":"","header-below-stick-meta":"","astra-migrate-meta-layouts":"default","ast-page-background-enabled":"default","ast-page-background-meta":{"desktop":{"background-color":"var(--ast-global-color-4)","background-image":"","background-repeat":"repeat","background-position":"center center","background-size":"auto","background-attachment":"scroll","background-type":"","background-media":"","overlay-type":"","overlay-color":"","overlay-opacity":"","overlay-gradient":""},"tablet":{"background-color":"","background-image":"","background-repeat":"repeat","background-position":"center center","background-size":"auto","background-attachment":"scroll","background-type":"","background-media":"","overlay-type":"","overlay-color":"","overlay-opacity":"","overlay-gradient":""},"mobile":{"background-color":"","background-image":"","background-repeat":"repeat","background-position":"center center","background-size":"auto","background-attachment":"scroll","background-type":"","background-media":"","overlay-type":"","overlay-color":"","overlay-opacity":"","overlay-gradient":""}},"ast-content-background-meta":{"desktop":{"background-color":"var(--ast-global-color-5)","background-image":"","background-repeat":"repeat","background-position":"center center","background-size":"auto","background-attachment":"scroll","background-type":"","background-media":"","overlay-type":"","overlay-color":"","overlay-opacity":"","overlay-gradient":""},"tablet":{"background-color":"var(--ast-global-color-5)","background-image":"","background-repeat":"repeat","background-position":"center center","background-size":"auto","background-attachment":"scroll","background-type":"","background-media":"","overlay-type":"","overlay-color":"","overlay-opacity":"","overlay-gradient":""},"mobile":{"background-color":"var(--ast-global-color-5)","background-image":"","background-repeat":"repeat","background-position":"center center","background-size":"auto","background-attachment":"scroll","background-type":"","background-media":"","overlay-type":"","overlay-color":"","overlay-opacity":"","overlay-gradient":""}},"_themeisle_gutenberg_block_has_review":false},"product_brand":[],"product_cat":[84,105],"product_tag":[314,287,273,313,312,282],"class_list":{"0":"post-2743","1":"product","2":"type-product","3":"status-publish","4":"has-post-thumbnail","6":"product_cat-fotografia","7":"product_cat-modificadores-de-luz","8":"product_tag-difusor-90cm","9":"product_tag-difusor-de-luz","10":"product_tag-softbox","11":"product_tag-softbox-90","12":"product_tag-softbox-cuadrado","13":"product_tag-softbox-tipo-sombrilla","14":"desktop-align-center","15":"tablet-align-left","16":"mobile-align-left","18":"first","19":"onbackorder","20":"purchasable","21":"product-type-simple"},"aioseo_notices":[],"jetpack_sharing_enabled":true,"_links":{"self":[{"href":"https:\/\/studio40shop.com.mx\/index.php?rest_route=\/wp\/v2\/product\/2743","targetHints":{"allow":["GET"]}}],"collection":[{"href":"https:\/\/studio40shop.com.mx\/index.php?rest_route=\/wp\/v2\/product"}],"about":[{"href":"https:\/\/studio40shop.com.mx\/index.php?rest_route=\/wp\/v2\/types\/product"}],"replies":[{"embeddable":true,"href":"https:\/\/studio40shop.com.mx\/index.php?rest_route=%2Fwp%2Fv2%2Fcomments&post=2743"}],"wp:featuredmedia":[{"embeddable":true,"href":"https:\/\/studio40shop.com.mx\/index.php?rest_route=\/wp\/v2\/media\/2744"}],"wp:attachment":[{"href":"https:\/\/studio40shop.com.mx\/index.php?rest_route=%2Fwp%2Fv2%2Fmedia&parent=2743"}],"wp:term":[{"taxonomy":"product_brand","embeddable":true,"href":"https:\/\/studio40shop.com.mx\/index.php?rest_route=%2Fwp%2Fv2%2Fproduct_brand&post=2743"},{"taxonomy":"product_cat","embeddable":true,"href":"https:\/\/studio40shop.com.mx\/index.php?rest_route=%2Fwp%2Fv2%2Fproduct_cat&post=2743"},{"taxonomy":"product_tag","embeddable":true,"href":"https:\/\/studio40shop.com.mx\/index.php?rest_route=%2Fwp%2Fv2%2Fproduct_tag&post=2743"}],"curies":[{"name":"wp","href":"https:\/\/api.w.org\/{rel}","templated":true}]}}