{"id":2780,"date":"2022-05-06T09:26:02","date_gmt":"2022-05-06T14:26:02","guid":{"rendered":"https:\/\/studio40shop.com.mx\/?post_type=product&#038;p=2780"},"modified":"2022-10-15T12:55:25","modified_gmt":"2022-10-15T17:55:25","slug":"adaptador-para-softbox-qr-para-el-flash-ad300pro-godox","status":"publish","type":"product","link":"https:\/\/studio40shop.com.mx\/?product=adaptador-para-softbox-qr-para-el-flash-ad300pro-godox","title":{"rendered":"Adaptador para Softbox QR para el Flash AD300PRO Godox"},"content":{"rendered":"<p>Este anillo de velocidad de la marca Godox es un adaptador para utilizarlo en los flashes AD300PRO para montarlo sobre los softbox QR. Es un adaptador f\u00e1cil de montar y desmontar, ya que te permite cambiar o retirar r\u00e1pidamente los accesorios, lo que lo convierte en un adaptador \u00fatil tanto para los profesionales como para los entusiastas de la iluminaci\u00f3n. Consigue este c\u00f3modo adaptador para utilizarlo en tus accesorios de iluminaci\u00f3n.<\/p>\n<p>Adaptador para usar los softbox QR en los flashes AD300PRO<br \/>\nAprovecha a\u00fan m\u00e1s las ventajas de tu equipo de iluminaci\u00f3n<br \/>\nEs muy sencillo de usar e instalar<\/p>\n","protected":false},"excerpt":{"rendered":"<p>Este adaptador podr\u00e1s utilizarlo en los softbox QR con los flashes AD300PRO de la marca Godox. Solo necesitas instalar este adaptador c\u00f3modamente en tu flash, para despu\u00e9s colocarlo sobre el softbox QR. Es un adaptador pr\u00e1ctico, de tama\u00f1o compacto, f\u00e1cil de utilizar y de transportar.<\/p>\n","protected":false},"featured_media":2781,"comment_status":"open","ping_status":"closed","template":"","meta":{"site-sidebar-layout":"default","site-content-layout":"default","ast-site-content-layout":"default","site-content-style":"default","site-sidebar-style":"default","ast-global-header-display":"","ast-banner-title-visibility":"","ast-main-header-display":"","ast-hfb-above-header-display":"","ast-hfb-below-header-display":"","ast-hfb-mobile-header-display":"","site-post-title":"","ast-breadcrumbs-content":"","ast-featured-img":"","footer-sml-layout":"","ast-disable-related-posts":"","theme-transparent-header-meta":"default","adv-header-id-meta":"","stick-header-meta":"","header-above-stick-meta":"","header-main-stick-meta":"","header-below-stick-meta":"","astra-migrate-meta-layouts":"default","ast-page-background-enabled":"default","ast-page-background-meta":{"desktop":{"background-color":"var(--ast-global-color-4)","background-image":"","background-repeat":"repeat","background-position":"center center","background-size":"auto","background-attachment":"scroll","background-type":"","background-media":"","overlay-type":"","overlay-color":"","overlay-opacity":"","overlay-gradient":""},"tablet":{"background-color":"","background-image":"","background-repeat":"repeat","background-position":"center center","background-size":"auto","background-attachment":"scroll","background-type":"","background-media":"","overlay-type":"","overlay-color":"","overlay-opacity":"","overlay-gradient":""},"mobile":{"background-color":"","background-image":"","background-repeat":"repeat","background-position":"center center","background-size":"auto","background-attachment":"scroll","background-type":"","background-media":"","overlay-type":"","overlay-color":"","overlay-opacity":"","overlay-gradient":""}},"ast-content-background-meta":{"desktop":{"background-color":"var(--ast-global-color-5)","background-image":"","background-repeat":"repeat","background-position":"center center","background-size":"auto","background-attachment":"scroll","background-type":"","background-media":"","overlay-type":"","overlay-color":"","overlay-opacity":"","overlay-gradient":""},"tablet":{"background-color":"var(--ast-global-color-5)","background-image":"","background-repeat":"repeat","background-position":"center center","background-size":"auto","background-attachment":"scroll","background-type":"","background-media":"","overlay-type":"","overlay-color":"","overlay-opacity":"","overlay-gradient":""},"mobile":{"background-color":"var(--ast-global-color-5)","background-image":"","background-repeat":"repeat","background-position":"center center","background-size":"auto","background-attachment":"scroll","background-type":"","background-media":"","overlay-type":"","overlay-color":"","overlay-opacity":"","overlay-gradient":""}},"_themeisle_gutenberg_block_has_review":false},"product_brand":[],"product_cat":[111,84],"product_tag":[328,329,330,324,327,326,325,225,331],"class_list":{"0":"post-2780","1":"product","2":"type-product","3":"status-publish","4":"has-post-thumbnail","6":"product_cat-accesorios","7":"product_cat-fotografia","8":"product_tag-accesorio","9":"product_tag-accesorios-adaptador","10":"product_tag-accesorios-para-ad300pro","11":"product_tag-adaptador","12":"product_tag-adaptador-bowens","13":"product_tag-adaptador-qr","14":"product_tag-adaptador-softbox","15":"product_tag-godox","16":"product_tag-montura-de-godox","17":"desktop-align-center","18":"tablet-align-left","19":"mobile-align-left","21":"first","22":"onbackorder","23":"purchasable","24":"product-type-simple"},"aioseo_notices":[],"jetpack_sharing_enabled":true,"_links":{"self":[{"href":"https:\/\/studio40shop.com.mx\/index.php?rest_route=\/wp\/v2\/product\/2780","targetHints":{"allow":["GET"]}}],"collection":[{"href":"https:\/\/studio40shop.com.mx\/index.php?rest_route=\/wp\/v2\/product"}],"about":[{"href":"https:\/\/studio40shop.com.mx\/index.php?rest_route=\/wp\/v2\/types\/product"}],"replies":[{"embeddable":true,"href":"https:\/\/studio40shop.com.mx\/index.php?rest_route=%2Fwp%2Fv2%2Fcomments&post=2780"}],"wp:featuredmedia":[{"embeddable":true,"href":"https:\/\/studio40shop.com.mx\/index.php?rest_route=\/wp\/v2\/media\/2781"}],"wp:attachment":[{"href":"https:\/\/studio40shop.com.mx\/index.php?rest_route=%2Fwp%2Fv2%2Fmedia&parent=2780"}],"wp:term":[{"taxonomy":"product_brand","embeddable":true,"href":"https:\/\/studio40shop.com.mx\/index.php?rest_route=%2Fwp%2Fv2%2Fproduct_brand&post=2780"},{"taxonomy":"product_cat","embeddable":true,"href":"https:\/\/studio40shop.com.mx\/index.php?rest_route=%2Fwp%2Fv2%2Fproduct_cat&post=2780"},{"taxonomy":"product_tag","embeddable":true,"href":"https:\/\/studio40shop.com.mx\/index.php?rest_route=%2Fwp%2Fv2%2Fproduct_tag&post=2780"}],"curies":[{"name":"wp","href":"https:\/\/api.w.org\/{rel}","templated":true}]}}