{"id":2849,"date":"2022-05-06T11:27:24","date_gmt":"2022-05-06T16:27:24","guid":{"rendered":"https:\/\/studio40shop.com.mx\/?post_type=product&#038;p=2849"},"modified":"2022-10-15T12:53:58","modified_gmt":"2022-10-15T17:53:58","slug":"reflector-5-en-1-de-100-x-150cm-godox","status":"publish","type":"product","link":"https:\/\/studio40shop.com.mx\/?product=reflector-5-en-1-de-100-x-150cm-godox","title":{"rendered":"Reflector 5 en 1 de 100 x 150cm Godox"},"content":{"rendered":"<p>Los reflectores son ideales para fotograf\u00eda pero tambi\u00e9n para el v\u00eddeo. Su dise\u00f1o es ovalado por lo que permite iluminar a una persona completa f\u00e1cilmente.<\/p>\n<p>Incluye los colores:<\/p>\n<p>Dorado<br \/>\nPlata<br \/>\nBlanco<br \/>\nNegro<br \/>\nTransl\u00facida.<br \/>\nElimina sombras de rostros y cuerpo de una manera f\u00e1cil y pr\u00e1ctica. es un art\u00edculo b\u00e1sico para todo fot\u00f3grafo.<\/p>\n<p>*Color Plata: Mejora los aspectos m\u00e1s destacados y aumenta el contraste de las imagenes. Es perfecto para el v\u00eddeo, producto blanco y negro de fotograf\u00eda.<br \/>\n*Color Oro: Llena de un c\u00e1lido tono de color natural que va bien con atardeceres, fotograf\u00eda del producto (por ejemplo, joyas), as\u00ed como retratos de interior.<br \/>\n*Blanco opaco: Produce luz de color suave y neutro que funciona bien con ambos productos y la toma de retratos.<br \/>\n*Transl\u00facida blanca: Una luz intensa puede difundir y suavizar la fuente de luz.<br \/>\n*Negro: Para bloquear la luz no deseada o reducir la reflexi\u00f3n.<br \/>\n*Verde y azul: Grande para la post-producci\u00f3n, el efecto chroma key para conformar el fondo transparente que se puede sobreponer otra imagen detr\u00e1s del sujeto.<\/p>\n<p>Especificaciones<\/p>\n<p>Dimensi\u00f3n: 100 x 150 cm<br \/>\n*Incluye funda de transporte<\/p>\n<p>&nbsp;<\/p>\n","protected":false},"excerpt":{"rendered":"<p>El Reflector 5 en 1 GODOX cuenta con cinco colores, los cuales puedes utilizar dependiendo del efecto que desees crear.<\/p>\n","protected":false},"featured_media":2850,"comment_status":"open","ping_status":"closed","template":"","meta":{"site-sidebar-layout":"default","site-content-layout":"default","ast-site-content-layout":"default","site-content-style":"default","site-sidebar-style":"default","ast-global-header-display":"","ast-banner-title-visibility":"","ast-main-header-display":"","ast-hfb-above-header-display":"","ast-hfb-below-header-display":"","ast-hfb-mobile-header-display":"","site-post-title":"","ast-breadcrumbs-content":"","ast-featured-img":"","footer-sml-layout":"","ast-disable-related-posts":"","theme-transparent-header-meta":"default","adv-header-id-meta":"","stick-header-meta":"","header-above-stick-meta":"","header-main-stick-meta":"","header-below-stick-meta":"","astra-migrate-meta-layouts":"default","ast-page-background-enabled":"default","ast-page-background-meta":{"desktop":{"background-color":"var(--ast-global-color-4)","background-image":"","background-repeat":"repeat","background-position":"center center","background-size":"auto","background-attachment":"scroll","background-type":"","background-media":"","overlay-type":"","overlay-color":"","overlay-opacity":"","overlay-gradient":""},"tablet":{"background-color":"","background-image":"","background-repeat":"repeat","background-position":"center center","background-size":"auto","background-attachment":"scroll","background-type":"","background-media":"","overlay-type":"","overlay-color":"","overlay-opacity":"","overlay-gradient":""},"mobile":{"background-color":"","background-image":"","background-repeat":"repeat","background-position":"center center","background-size":"auto","background-attachment":"scroll","background-type":"","background-media":"","overlay-type":"","overlay-color":"","overlay-opacity":"","overlay-gradient":""}},"ast-content-background-meta":{"desktop":{"background-color":"var(--ast-global-color-5)","background-image":"","background-repeat":"repeat","background-position":"center center","background-size":"auto","background-attachment":"scroll","background-type":"","background-media":"","overlay-type":"","overlay-color":"","overlay-opacity":"","overlay-gradient":""},"tablet":{"background-color":"var(--ast-global-color-5)","background-image":"","background-repeat":"repeat","background-position":"center center","background-size":"auto","background-attachment":"scroll","background-type":"","background-media":"","overlay-type":"","overlay-color":"","overlay-opacity":"","overlay-gradient":""},"mobile":{"background-color":"var(--ast-global-color-5)","background-image":"","background-repeat":"repeat","background-position":"center center","background-size":"auto","background-attachment":"scroll","background-type":"","background-media":"","overlay-type":"","overlay-color":"","overlay-opacity":"","overlay-gradient":""}},"_themeisle_gutenberg_block_has_review":false},"product_brand":[],"product_cat":[84,105],"product_tag":[361,287,359,360,351,355],"class_list":{"0":"post-2849","1":"product","2":"type-product","3":"status-publish","4":"has-post-thumbnail","6":"product_cat-fotografia","7":"product_cat-modificadores-de-luz","8":"product_tag-difusor-150cm","9":"product_tag-difusor-de-luz","10":"product_tag-godox-rebotador","11":"product_tag-rebotador-150cm","12":"product_tag-rebotador-de-luz","13":"product_tag-rebotador-godox","14":"desktop-align-center","15":"tablet-align-left","16":"mobile-align-left","18":"first","19":"onbackorder","20":"purchasable","21":"product-type-simple"},"aioseo_notices":[],"jetpack_sharing_enabled":true,"_links":{"self":[{"href":"https:\/\/studio40shop.com.mx\/index.php?rest_route=\/wp\/v2\/product\/2849","targetHints":{"allow":["GET"]}}],"collection":[{"href":"https:\/\/studio40shop.com.mx\/index.php?rest_route=\/wp\/v2\/product"}],"about":[{"href":"https:\/\/studio40shop.com.mx\/index.php?rest_route=\/wp\/v2\/types\/product"}],"replies":[{"embeddable":true,"href":"https:\/\/studio40shop.com.mx\/index.php?rest_route=%2Fwp%2Fv2%2Fcomments&post=2849"}],"wp:featuredmedia":[{"embeddable":true,"href":"https:\/\/studio40shop.com.mx\/index.php?rest_route=\/wp\/v2\/media\/2850"}],"wp:attachment":[{"href":"https:\/\/studio40shop.com.mx\/index.php?rest_route=%2Fwp%2Fv2%2Fmedia&parent=2849"}],"wp:term":[{"taxonomy":"product_brand","embeddable":true,"href":"https:\/\/studio40shop.com.mx\/index.php?rest_route=%2Fwp%2Fv2%2Fproduct_brand&post=2849"},{"taxonomy":"product_cat","embeddable":true,"href":"https:\/\/studio40shop.com.mx\/index.php?rest_route=%2Fwp%2Fv2%2Fproduct_cat&post=2849"},{"taxonomy":"product_tag","embeddable":true,"href":"https:\/\/studio40shop.com.mx\/index.php?rest_route=%2Fwp%2Fv2%2Fproduct_tag&post=2849"}],"curies":[{"name":"wp","href":"https:\/\/api.w.org\/{rel}","templated":true}]}}