{"id":3041,"date":"2022-05-07T10:58:52","date_gmt":"2022-05-07T15:58:52","guid":{"rendered":"https:\/\/studio40shop.com.mx\/?post_type=product&#038;p=3041"},"modified":"2023-04-18T21:18:13","modified_gmt":"2023-04-19T02:18:13","slug":"adaptador-ad-ab-para-el-flash-ad300pro-godox","status":"publish","type":"product","link":"https:\/\/studio40shop.com.mx\/?product=adaptador-ad-ab-para-el-flash-ad300pro-godox","title":{"rendered":"Adaptador AD-AB para el Flash AD300PRO Godox"},"content":{"rendered":"<p>Adaptador f\u00e1cil de montar y desmontar<br \/>\nEste Adaptador AD-AB de la marca Godox es ideal para utilizarlo en el flash AD300PRO. Es un adaptador f\u00e1cil de montar para colocar otro adaptador (no incluido) y convertir el flash AD300PRO en montura Bowens, Profoto, Broncolor o Elinchrom, para despu\u00e9s agregar accesorios como alg\u00fan softbox, entre otros. Lo convierte en un adaptador \u00fatil para los profesionales de la fotograf\u00eda.<\/p>\n<p>Aprovecha a\u00fan m\u00e1s las ventajas de tu equipo de iluminaci\u00f3n<br \/>\nEs muy sencillo de usar e instalar<br \/>\nAdapta las monturas Bowens, Profoto, Broncolor, Elinchrom en el flash AD300PRO<\/p>\n","protected":false},"excerpt":{"rendered":"<p>Este adaptador AD-AB de Godox podr\u00e1s utilizarlo sobre el flash AD300PRO Godox, para colocar otro adaptador de la montura de tu preferencia y convertirlo de montura Godox a Bowens, Profoto, Broncolor, Elinchrom (no incluidos) y despu\u00e9s colocarle alg\u00fan accesorio. Es un adaptador pr\u00e1ctico, de tama\u00f1o compacto, f\u00e1cil de utilizar y de transportar.<\/p>\n","protected":false},"featured_media":3042,"comment_status":"open","ping_status":"closed","template":"","meta":{"site-sidebar-layout":"default","site-content-layout":"default","ast-site-content-layout":"default","site-content-style":"default","site-sidebar-style":"default","ast-global-header-display":"","ast-banner-title-visibility":"","ast-main-header-display":"","ast-hfb-above-header-display":"","ast-hfb-below-header-display":"","ast-hfb-mobile-header-display":"","site-post-title":"","ast-breadcrumbs-content":"","ast-featured-img":"","footer-sml-layout":"","ast-disable-related-posts":"","theme-transparent-header-meta":"default","adv-header-id-meta":"","stick-header-meta":"","header-above-stick-meta":"","header-main-stick-meta":"","header-below-stick-meta":"","astra-migrate-meta-layouts":"default","ast-page-background-enabled":"default","ast-page-background-meta":{"desktop":{"background-color":"var(--ast-global-color-4)","background-image":"","background-repeat":"repeat","background-position":"center center","background-size":"auto","background-attachment":"scroll","background-type":"","background-media":"","overlay-type":"","overlay-color":"","overlay-opacity":"","overlay-gradient":""},"tablet":{"background-color":"","background-image":"","background-repeat":"repeat","background-position":"center center","background-size":"auto","background-attachment":"scroll","background-type":"","background-media":"","overlay-type":"","overlay-color":"","overlay-opacity":"","overlay-gradient":""},"mobile":{"background-color":"","background-image":"","background-repeat":"repeat","background-position":"center center","background-size":"auto","background-attachment":"scroll","background-type":"","background-media":"","overlay-type":"","overlay-color":"","overlay-opacity":"","overlay-gradient":""}},"ast-content-background-meta":{"desktop":{"background-color":"var(--ast-global-color-5)","background-image":"","background-repeat":"repeat","background-position":"center center","background-size":"auto","background-attachment":"scroll","background-type":"","background-media":"","overlay-type":"","overlay-color":"","overlay-opacity":"","overlay-gradient":""},"tablet":{"background-color":"var(--ast-global-color-5)","background-image":"","background-repeat":"repeat","background-position":"center center","background-size":"auto","background-attachment":"scroll","background-type":"","background-media":"","overlay-type":"","overlay-color":"","overlay-opacity":"","overlay-gradient":""},"mobile":{"background-color":"var(--ast-global-color-5)","background-image":"","background-repeat":"repeat","background-position":"center center","background-size":"auto","background-attachment":"scroll","background-type":"","background-media":"","overlay-type":"","overlay-color":"","overlay-opacity":"","overlay-gradient":""}},"_themeisle_gutenberg_block_has_review":false},"product_brand":[],"product_cat":[111,84],"product_tag":[508,328,507,506,324,424,505,420],"class_list":{"0":"post-3041","1":"product","2":"type-product","3":"status-publish","4":"has-post-thumbnail","6":"product_cat-accesorios","7":"product_cat-fotografia","8":"product_tag-acccesorios-para-ad300pro","9":"product_tag-accesorio","10":"product_tag-accesorio-adaptador","11":"product_tag-ad300pro","12":"product_tag-adaptador","13":"product_tag-adaptador-godox","14":"product_tag-adaptador-para-ad300pro","15":"product_tag-adaptador-para-flash","16":"desktop-align-center","17":"tablet-align-left","18":"mobile-align-left","20":"first","21":"onbackorder","22":"purchasable","23":"product-type-simple"},"aioseo_notices":[],"jetpack_sharing_enabled":true,"_links":{"self":[{"href":"https:\/\/studio40shop.com.mx\/index.php?rest_route=\/wp\/v2\/product\/3041","targetHints":{"allow":["GET"]}}],"collection":[{"href":"https:\/\/studio40shop.com.mx\/index.php?rest_route=\/wp\/v2\/product"}],"about":[{"href":"https:\/\/studio40shop.com.mx\/index.php?rest_route=\/wp\/v2\/types\/product"}],"replies":[{"embeddable":true,"href":"https:\/\/studio40shop.com.mx\/index.php?rest_route=%2Fwp%2Fv2%2Fcomments&post=3041"}],"wp:featuredmedia":[{"embeddable":true,"href":"https:\/\/studio40shop.com.mx\/index.php?rest_route=\/wp\/v2\/media\/3042"}],"wp:attachment":[{"href":"https:\/\/studio40shop.com.mx\/index.php?rest_route=%2Fwp%2Fv2%2Fmedia&parent=3041"}],"wp:term":[{"taxonomy":"product_brand","embeddable":true,"href":"https:\/\/studio40shop.com.mx\/index.php?rest_route=%2Fwp%2Fv2%2Fproduct_brand&post=3041"},{"taxonomy":"product_cat","embeddable":true,"href":"https:\/\/studio40shop.com.mx\/index.php?rest_route=%2Fwp%2Fv2%2Fproduct_cat&post=3041"},{"taxonomy":"product_tag","embeddable":true,"href":"https:\/\/studio40shop.com.mx\/index.php?rest_route=%2Fwp%2Fv2%2Fproduct_tag&post=3041"}],"curies":[{"name":"wp","href":"https:\/\/api.w.org\/{rel}","templated":true}]}}