{"id":3315,"date":"2022-09-20T17:54:49","date_gmt":"2022-09-20T22:54:49","guid":{"rendered":"https:\/\/studio40shop.com.mx\/?post_type=product&#038;p=3315"},"modified":"2022-09-20T17:54:49","modified_gmt":"2022-09-20T22:54:49","slug":"transmisor-y-receptor-de-video-hollyland-mars-300-pro-enhanced","status":"publish","type":"product","link":"https:\/\/studio40shop.com.mx\/?product=transmisor-y-receptor-de-video-hollyland-mars-300-pro-enhanced","title":{"rendered":"Transmisor y Receptor de V\u00eddeo HOLLYLAND Mars 300 PRO Enhanced"},"content":{"rendered":"<p>El transmisor proporciona una \u00fanica entrada HDMI m\u00e1s una salida de bucle HDMI para ver en un monitor integrado y el receptor proporciona dos salidas HDMI.<\/p>\n<p>Con la aplicaci\u00f3n Hollyview para iOS o Android, puede monitorear su transmisi\u00f3n de video en tiempo real a trav\u00e9s de una conexi\u00f3n Wi-Fi. El transmisor puede transmitir hasta un receptor y dos aplicaciones, o hasta un total de tres aplicaciones, simult\u00e1neamente.<\/p>\n<p>El transmisor y el receptor son de tama\u00f1o compacto, cuentan con una pantalla OLED brillante para la configuraci\u00f3n.<\/p>\n<p>Cada uno puede alimentarse con una fuente USB tipo C, o pueden alimentarse con un bater\u00eda de la serie L disponible por separado utilizando sus placas de bater\u00eda El conjunto Mars 300 tambi\u00e9n incluye una placa de expansi\u00f3n de accesorios, un soporte de zapata y un cable USB tipo C.<\/p>\n<p>Especificaci\u00f3nes:<\/p>\n<p>Transmite video HDMI de hasta 1080p60<br \/>\nTransmisi\u00f3n de l\u00ednea de visi\u00f3n de 400 &#8216;al receptor, 300&#8217; a la aplicaci\u00f3n<br \/>\nPantalla OLED<br \/>\nMonitoreo de aplicaciones en tiempo real<br \/>\nTransmita simult\u00e1neamente a un receptor y dos aplicaciones, o a tres aplicaciones<br \/>\nEntrada HDMI y salida de bucle en el transmisor para ver en un monitor integrado o en otro<br \/>\nSalidas HDMI dobles en el receptor<br \/>\nDos antenas en transmisor<br \/>\nAlimentaci\u00f3n a trav\u00e9s de la bater\u00eda de la serie L o la entrada USB tipo C.<\/p>\n","protected":false},"excerpt":{"rendered":"<p>Transmisor y Receptor de V\u00eddeo Mars 300 PRO Hollyland (Enhanced) mejorado y liviano de Hollyland, este modelo cuenta con dos antenas externas en el transmisor, incluida una de repuesto.<\/p>\n","protected":false},"featured_media":3316,"comment_status":"open","ping_status":"closed","template":"","meta":{"site-sidebar-layout":"default","site-content-layout":"default","ast-site-content-layout":"default","site-content-style":"default","site-sidebar-style":"default","ast-global-header-display":"","ast-banner-title-visibility":"","ast-main-header-display":"","ast-hfb-above-header-display":"","ast-hfb-below-header-display":"","ast-hfb-mobile-header-display":"","site-post-title":"","ast-breadcrumbs-content":"","ast-featured-img":"","footer-sml-layout":"","ast-disable-related-posts":"","theme-transparent-header-meta":"default","adv-header-id-meta":"","stick-header-meta":"","header-above-stick-meta":"","header-main-stick-meta":"","header-below-stick-meta":"","astra-migrate-meta-layouts":"default","ast-page-background-enabled":"default","ast-page-background-meta":{"desktop":{"background-color":"var(--ast-global-color-4)","background-image":"","background-repeat":"repeat","background-position":"center center","background-size":"auto","background-attachment":"scroll","background-type":"","background-media":"","overlay-type":"","overlay-color":"","overlay-opacity":"","overlay-gradient":""},"tablet":{"background-color":"","background-image":"","background-repeat":"repeat","background-position":"center center","background-size":"auto","background-attachment":"scroll","background-type":"","background-media":"","overlay-type":"","overlay-color":"","overlay-opacity":"","overlay-gradient":""},"mobile":{"background-color":"","background-image":"","background-repeat":"repeat","background-position":"center center","background-size":"auto","background-attachment":"scroll","background-type":"","background-media":"","overlay-type":"","overlay-color":"","overlay-opacity":"","overlay-gradient":""}},"ast-content-background-meta":{"desktop":{"background-color":"var(--ast-global-color-5)","background-image":"","background-repeat":"repeat","background-position":"center center","background-size":"auto","background-attachment":"scroll","background-type":"","background-media":"","overlay-type":"","overlay-color":"","overlay-opacity":"","overlay-gradient":""},"tablet":{"background-color":"var(--ast-global-color-5)","background-image":"","background-repeat":"repeat","background-position":"center center","background-size":"auto","background-attachment":"scroll","background-type":"","background-media":"","overlay-type":"","overlay-color":"","overlay-opacity":"","overlay-gradient":""},"mobile":{"background-color":"var(--ast-global-color-5)","background-image":"","background-repeat":"repeat","background-position":"center center","background-size":"auto","background-attachment":"scroll","background-type":"","background-media":"","overlay-type":"","overlay-color":"","overlay-opacity":"","overlay-gradient":""}},"_themeisle_gutenberg_block_has_review":false},"product_brand":[],"product_cat":[90,78],"product_tag":[541,540,537,539,538],"class_list":{"0":"post-3315","1":"product","2":"type-product","3":"status-publish","4":"has-post-thumbnail","6":"product_cat-transmisores-de-video-inalambrico","7":"product_cat-video","8":"product_tag-300pro-enhanced","9":"product_tag-hollyland","10":"product_tag-receptor","11":"product_tag-transmisor-de-video","12":"product_tag-video","13":"desktop-align-center","14":"tablet-align-left","15":"mobile-align-left","17":"first","18":"instock","19":"purchasable","20":"product-type-simple"},"aioseo_notices":[],"jetpack_sharing_enabled":true,"_links":{"self":[{"href":"https:\/\/studio40shop.com.mx\/index.php?rest_route=\/wp\/v2\/product\/3315","targetHints":{"allow":["GET"]}}],"collection":[{"href":"https:\/\/studio40shop.com.mx\/index.php?rest_route=\/wp\/v2\/product"}],"about":[{"href":"https:\/\/studio40shop.com.mx\/index.php?rest_route=\/wp\/v2\/types\/product"}],"replies":[{"embeddable":true,"href":"https:\/\/studio40shop.com.mx\/index.php?rest_route=%2Fwp%2Fv2%2Fcomments&post=3315"}],"wp:featuredmedia":[{"embeddable":true,"href":"https:\/\/studio40shop.com.mx\/index.php?rest_route=\/wp\/v2\/media\/3316"}],"wp:attachment":[{"href":"https:\/\/studio40shop.com.mx\/index.php?rest_route=%2Fwp%2Fv2%2Fmedia&parent=3315"}],"wp:term":[{"taxonomy":"product_brand","embeddable":true,"href":"https:\/\/studio40shop.com.mx\/index.php?rest_route=%2Fwp%2Fv2%2Fproduct_brand&post=3315"},{"taxonomy":"product_cat","embeddable":true,"href":"https:\/\/studio40shop.com.mx\/index.php?rest_route=%2Fwp%2Fv2%2Fproduct_cat&post=3315"},{"taxonomy":"product_tag","embeddable":true,"href":"https:\/\/studio40shop.com.mx\/index.php?rest_route=%2Fwp%2Fv2%2Fproduct_tag&post=3315"}],"curies":[{"name":"wp","href":"https:\/\/api.w.org\/{rel}","templated":true}]}}