{"id":3899,"date":"2023-05-04T19:33:57","date_gmt":"2023-05-05T00:33:57","guid":{"rendered":"https:\/\/studio40shop.com.mx\/?post_type=product&#038;p=3899"},"modified":"2024-03-09T13:49:33","modified_gmt":"2024-03-09T18:49:33","slug":"manfrotto-plato-rectangular-para-cabeza-200-con-rosca","status":"publish","type":"product","link":"https:\/\/studio40shop.com.mx\/?product=manfrotto-plato-rectangular-para-cabeza-200-con-rosca","title":{"rendered":"Manfrotto Plato Rectangular para Cabeza 200 con Rosca"},"content":{"rendered":"<h1 class=\"a-spacing-mini\">Manfrotto Plato Rectangular para Cabeza 200 con Rosca 1\/4 y 3\/8 pulgadas 200PL<\/h1>\n<p class=\"a-spacing-base\">F\u00e1cil de usar, intuitiva y pr\u00e1ctica. tendr\u00e1s todo lo necesario en una zapata fotogr\u00e1fica est\u00e1ndar profesional con sistema de liberaci\u00f3n r\u00e1pida, tornillo prisionero de 1\/4&#8221; y goma antideslizante. Est\u00e1 fabricada con aluminio duradero muy ligero pero gracias a su robustez, su durabilidad es superior, incluso con equipos pesados. Es s\u00faper delgada, por lo que no notar\u00e1s que la llevas fijada a la c\u00e1mara.<\/p>\n","protected":false},"excerpt":{"rendered":"<p>Manfrotto Plato Rectangular para Cabeza 200 con Rosca 1\/4 y 3\/8 pulgadas 200PL F\u00e1cil de usar, intuitiva y pr\u00e1ctica. tendr\u00e1s todo lo necesario en una zapata fotogr\u00e1fica est\u00e1ndar profesional con sistema de liberaci\u00f3n r\u00e1pida, tornillo prisionero de 1\/4&#8221; y goma antideslizante. Est\u00e1 fabricada con aluminio duradero muy ligero pero gracias a su robustez, su durabilidad [&hellip;]<\/p>\n","protected":false},"featured_media":3900,"comment_status":"open","ping_status":"closed","template":"","meta":{"site-sidebar-layout":"default","site-content-layout":"default","ast-site-content-layout":"default","site-content-style":"default","site-sidebar-style":"default","ast-global-header-display":"","ast-banner-title-visibility":"","ast-main-header-display":"","ast-hfb-above-header-display":"","ast-hfb-below-header-display":"","ast-hfb-mobile-header-display":"","site-post-title":"","ast-breadcrumbs-content":"","ast-featured-img":"","footer-sml-layout":"","ast-disable-related-posts":"","theme-transparent-header-meta":"default","adv-header-id-meta":"","stick-header-meta":"","header-above-stick-meta":"","header-main-stick-meta":"","header-below-stick-meta":"","astra-migrate-meta-layouts":"default","ast-page-background-enabled":"default","ast-page-background-meta":{"desktop":{"background-color":"var(--ast-global-color-4)","background-image":"","background-repeat":"repeat","background-position":"center center","background-size":"auto","background-attachment":"scroll","background-type":"","background-media":"","overlay-type":"","overlay-color":"","overlay-opacity":"","overlay-gradient":""},"tablet":{"background-color":"","background-image":"","background-repeat":"repeat","background-position":"center center","background-size":"auto","background-attachment":"scroll","background-type":"","background-media":"","overlay-type":"","overlay-color":"","overlay-opacity":"","overlay-gradient":""},"mobile":{"background-color":"","background-image":"","background-repeat":"repeat","background-position":"center center","background-size":"auto","background-attachment":"scroll","background-type":"","background-media":"","overlay-type":"","overlay-color":"","overlay-opacity":"","overlay-gradient":""}},"ast-content-background-meta":{"desktop":{"background-color":"var(--ast-global-color-5)","background-image":"","background-repeat":"repeat","background-position":"center center","background-size":"auto","background-attachment":"scroll","background-type":"","background-media":"","overlay-type":"","overlay-color":"","overlay-opacity":"","overlay-gradient":""},"tablet":{"background-color":"var(--ast-global-color-5)","background-image":"","background-repeat":"repeat","background-position":"center center","background-size":"auto","background-attachment":"scroll","background-type":"","background-media":"","overlay-type":"","overlay-color":"","overlay-opacity":"","overlay-gradient":""},"mobile":{"background-color":"var(--ast-global-color-5)","background-image":"","background-repeat":"repeat","background-position":"center center","background-size":"auto","background-attachment":"scroll","background-type":"","background-media":"","overlay-type":"","overlay-color":"","overlay-opacity":"","overlay-gradient":""}},"_themeisle_gutenberg_block_has_review":false},"product_brand":[],"product_cat":[121],"product_tag":[572,598],"class_list":{"0":"post-3899","1":"product","2":"type-product","3":"status-publish","4":"has-post-thumbnail","6":"product_cat-sin-categorizar","7":"product_tag-manfrotto-tripie","8":"product_tag-plato-rectangular","9":"desktop-align-center","10":"tablet-align-left","11":"mobile-align-left","13":"first","14":"instock","15":"taxable","16":"shipping-taxable","17":"purchasable","18":"product-type-simple"},"aioseo_notices":[],"jetpack_sharing_enabled":true,"_links":{"self":[{"href":"https:\/\/studio40shop.com.mx\/index.php?rest_route=\/wp\/v2\/product\/3899","targetHints":{"allow":["GET"]}}],"collection":[{"href":"https:\/\/studio40shop.com.mx\/index.php?rest_route=\/wp\/v2\/product"}],"about":[{"href":"https:\/\/studio40shop.com.mx\/index.php?rest_route=\/wp\/v2\/types\/product"}],"replies":[{"embeddable":true,"href":"https:\/\/studio40shop.com.mx\/index.php?rest_route=%2Fwp%2Fv2%2Fcomments&post=3899"}],"wp:featuredmedia":[{"embeddable":true,"href":"https:\/\/studio40shop.com.mx\/index.php?rest_route=\/wp\/v2\/media\/3900"}],"wp:attachment":[{"href":"https:\/\/studio40shop.com.mx\/index.php?rest_route=%2Fwp%2Fv2%2Fmedia&parent=3899"}],"wp:term":[{"taxonomy":"product_brand","embeddable":true,"href":"https:\/\/studio40shop.com.mx\/index.php?rest_route=%2Fwp%2Fv2%2Fproduct_brand&post=3899"},{"taxonomy":"product_cat","embeddable":true,"href":"https:\/\/studio40shop.com.mx\/index.php?rest_route=%2Fwp%2Fv2%2Fproduct_cat&post=3899"},{"taxonomy":"product_tag","embeddable":true,"href":"https:\/\/studio40shop.com.mx\/index.php?rest_route=%2Fwp%2Fv2%2Fproduct_tag&post=3899"}],"curies":[{"name":"wp","href":"https:\/\/api.w.org\/{rel}","templated":true}]}}