{"id":3948,"date":"2023-05-17T19:38:05","date_gmt":"2023-05-18T00:38:05","guid":{"rendered":"https:\/\/studio40shop.com.mx\/?post_type=product&#038;p=3948"},"modified":"2024-03-09T13:28:41","modified_gmt":"2024-03-09T18:28:41","slug":"bateria-kastar-canon-lp-e10-para-canon-t7-t6-t5-t3","status":"publish","type":"product","link":"https:\/\/studio40shop.com.mx\/?product=bateria-kastar-canon-lp-e10-para-canon-t7-t6-t5-t3","title":{"rendered":"BATERIA KASTAR CANON LP E10 PARA CANON T7 &#8211; T6 -T5 &#8211; T3"},"content":{"rendered":"<ul class=\"a-unordered-list a-vertical a-spacing-mini\">\n<li class=\"a-spacing-mini\"><span class=\"a-list-item\">Bater\u00eda marca KASTAR que remplaza a la original, Alta calidad, larga duraci\u00f3n y excelente precio.<\/span><\/li>\n<li class=\"a-spacing-mini\"><span class=\"a-list-item\">Bater\u00eda 100% decodificada y 100% compatible con la c\u00e1mara original y cargadores.<\/span><\/li>\n<li class=\"a-spacing-mini\"><span class=\"a-list-item\">Fabricada con celdas japonesas de alta calidad para una mayor duraci\u00f3n sin efecto de memoria.<\/span><\/li>\n<li class=\"a-spacing-mini\"><span class=\"a-list-item\">Microchip integrado japon\u00e9s para evitar descarga y sobrecarga.<\/span><\/li>\n<li class=\"a-spacing-mini\"><span class=\"a-list-item\">Garant\u00eda de 3 a\u00f1os con el fabricante.<\/span><\/li>\n<\/ul>\n","protected":false},"excerpt":{"rendered":"<p>Bater\u00eda marca KASTAR que remplaza a la original, Alta calidad, larga duraci\u00f3n y excelente precio. Bater\u00eda 100% decodificada y 100% compatible con la c\u00e1mara original y cargadores. Fabricada con celdas japonesas de alta calidad para una mayor duraci\u00f3n sin efecto de memoria. Microchip integrado japon\u00e9s para evitar descarga y sobrecarga. Garant\u00eda de 3 a\u00f1os con [&hellip;]<\/p>\n","protected":false},"featured_media":3949,"comment_status":"open","ping_status":"closed","template":"","meta":{"site-sidebar-layout":"default","site-content-layout":"default","ast-site-content-layout":"default","site-content-style":"default","site-sidebar-style":"default","ast-global-header-display":"","ast-banner-title-visibility":"","ast-main-header-display":"","ast-hfb-above-header-display":"","ast-hfb-below-header-display":"","ast-hfb-mobile-header-display":"","site-post-title":"","ast-breadcrumbs-content":"","ast-featured-img":"","footer-sml-layout":"","theme-transparent-header-meta":"default","adv-header-id-meta":"","stick-header-meta":"","header-above-stick-meta":"","header-main-stick-meta":"","header-below-stick-meta":"","astra-migrate-meta-layouts":"set","ast-page-background-enabled":"default","ast-page-background-meta":{"desktop":{"background-color":"var(--ast-global-color-4)","background-image":"","background-repeat":"repeat","background-position":"center center","background-size":"auto","background-attachment":"scroll","background-type":"","background-media":"","overlay-type":"","overlay-color":"","overlay-opacity":"","overlay-gradient":""},"tablet":{"background-color":"","background-image":"","background-repeat":"repeat","background-position":"center center","background-size":"auto","background-attachment":"scroll","background-type":"","background-media":"","overlay-type":"","overlay-color":"","overlay-opacity":"","overlay-gradient":""},"mobile":{"background-color":"","background-image":"","background-repeat":"repeat","background-position":"center center","background-size":"auto","background-attachment":"scroll","background-type":"","background-media":"","overlay-type":"","overlay-color":"","overlay-opacity":"","overlay-gradient":""}},"ast-content-background-meta":{"desktop":{"background-color":"var(--ast-global-color-5)","background-image":"","background-repeat":"repeat","background-position":"center center","background-size":"auto","background-attachment":"scroll","background-type":"","background-media":"","overlay-type":"","overlay-color":"","overlay-opacity":"","overlay-gradient":""},"tablet":{"background-color":"var(--ast-global-color-5)","background-image":"","background-repeat":"repeat","background-position":"center center","background-size":"auto","background-attachment":"scroll","background-type":"","background-media":"","overlay-type":"","overlay-color":"","overlay-opacity":"","overlay-gradient":""},"mobile":{"background-color":"var(--ast-global-color-5)","background-image":"","background-repeat":"repeat","background-position":"center center","background-size":"auto","background-attachment":"scroll","background-type":"","background-media":"","overlay-type":"","overlay-color":"","overlay-opacity":"","overlay-gradient":""}},"_themeisle_gutenberg_block_has_review":false},"product_brand":[],"product_cat":[111,640,86,96,84,78],"product_tag":[124,30,123,646,645,644,643],"class_list":{"0":"post-3948","1":"product","2":"type-product","3":"status-publish","4":"has-post-thumbnail","6":"product_cat-accesorios","7":"product_cat-baterias","8":"product_cat-baterias-y-power-bank","9":"product_cat-camaras-de-fotografia","10":"product_cat-fotografia","11":"product_cat-video","12":"product_tag-bateria","13":"product_tag-canon","14":"product_tag-kastar","15":"product_tag-t3","16":"product_tag-t5","17":"product_tag-t6","18":"product_tag-t7","19":"desktop-align-center","20":"tablet-align-left","21":"mobile-align-left","23":"first","24":"instock","25":"taxable","26":"shipping-taxable","27":"purchasable","28":"product-type-simple"},"aioseo_notices":[],"jetpack_sharing_enabled":true,"_links":{"self":[{"href":"https:\/\/studio40shop.com.mx\/index.php?rest_route=\/wp\/v2\/product\/3948","targetHints":{"allow":["GET"]}}],"collection":[{"href":"https:\/\/studio40shop.com.mx\/index.php?rest_route=\/wp\/v2\/product"}],"about":[{"href":"https:\/\/studio40shop.com.mx\/index.php?rest_route=\/wp\/v2\/types\/product"}],"replies":[{"embeddable":true,"href":"https:\/\/studio40shop.com.mx\/index.php?rest_route=%2Fwp%2Fv2%2Fcomments&post=3948"}],"wp:featuredmedia":[{"embeddable":true,"href":"https:\/\/studio40shop.com.mx\/index.php?rest_route=\/wp\/v2\/media\/3949"}],"wp:attachment":[{"href":"https:\/\/studio40shop.com.mx\/index.php?rest_route=%2Fwp%2Fv2%2Fmedia&parent=3948"}],"wp:term":[{"taxonomy":"product_brand","embeddable":true,"href":"https:\/\/studio40shop.com.mx\/index.php?rest_route=%2Fwp%2Fv2%2Fproduct_brand&post=3948"},{"taxonomy":"product_cat","embeddable":true,"href":"https:\/\/studio40shop.com.mx\/index.php?rest_route=%2Fwp%2Fv2%2Fproduct_cat&post=3948"},{"taxonomy":"product_tag","embeddable":true,"href":"https:\/\/studio40shop.com.mx\/index.php?rest_route=%2Fwp%2Fv2%2Fproduct_tag&post=3948"}],"curies":[{"name":"wp","href":"https:\/\/api.w.org\/{rel}","templated":true}]}}