{"id":3961,"date":"2023-05-18T13:33:36","date_gmt":"2023-05-18T18:33:36","guid":{"rendered":"https:\/\/studio40shop.com.mx\/?post_type=product&#038;p=3961"},"modified":"2024-03-09T13:20:56","modified_gmt":"2024-03-09T18:20:56","slug":"bateria-en-el15-nikon-dslr-d750-d750-d7100-d7000-d800e-d800-d610-d600","status":"publish","type":"product","link":"https:\/\/studio40shop.com.mx\/?product=bateria-en-el15-nikon-dslr-d750-d750-d7100-d7000-d800e-d800-d610-d600","title":{"rendered":"BATERIA EN &#8211; EL15 NIKON DsLR D750- D750- D7100 &#8211; D7000 &#8211; D800E &#8211; D800 &#8211; D610- D600"},"content":{"rendered":"<ul class=\"a-unordered-list a-vertical a-spacing-mini\">\n<li class=\"a-spacing-mini\"><span class=\"a-list-item\">&#8211; Bater\u00eda marca KASTAR que remplaza a la original, Alta calidad, larga duraci\u00f3n y excelente precio.<\/span><\/li>\n<li class=\"a-spacing-mini\"><span class=\"a-list-item\">&#8211; Bater\u00eda 100% decodificada y 100% compatible con la c\u00e1mara original y cargadores.<\/span><\/li>\n<li class=\"a-spacing-mini\"><span class=\"a-list-item\">&#8211; Fabricada con celdas japonesas de alta calidad para una mayor duraci\u00f3n sin efecto de memoria.<\/span><\/li>\n<\/ul>\n","protected":false},"excerpt":{"rendered":"<p>&#8211; Bater\u00eda marca KASTAR que remplaza a la original, Alta calidad, larga duraci\u00f3n y excelente precio. &#8211; Bater\u00eda 100% decodificada y 100% compatible con la c\u00e1mara original y cargadores. &#8211; Fabricada con celdas japonesas de alta calidad para una mayor duraci\u00f3n sin efecto de memoria.<\/p>\n","protected":false},"featured_media":3963,"comment_status":"open","ping_status":"closed","template":"","meta":{"site-sidebar-layout":"default","site-content-layout":"default","ast-site-content-layout":"default","site-content-style":"default","site-sidebar-style":"default","ast-global-header-display":"","ast-banner-title-visibility":"","ast-main-header-display":"","ast-hfb-above-header-display":"","ast-hfb-below-header-display":"","ast-hfb-mobile-header-display":"","site-post-title":"","ast-breadcrumbs-content":"","ast-featured-img":"","footer-sml-layout":"","theme-transparent-header-meta":"default","adv-header-id-meta":"","stick-header-meta":"","header-above-stick-meta":"","header-main-stick-meta":"","header-below-stick-meta":"","astra-migrate-meta-layouts":"set","ast-page-background-enabled":"default","ast-page-background-meta":{"desktop":{"background-color":"var(--ast-global-color-4)","background-image":"","background-repeat":"repeat","background-position":"center center","background-size":"auto","background-attachment":"scroll","background-type":"","background-media":"","overlay-type":"","overlay-color":"","overlay-opacity":"","overlay-gradient":""},"tablet":{"background-color":"","background-image":"","background-repeat":"repeat","background-position":"center center","background-size":"auto","background-attachment":"scroll","background-type":"","background-media":"","overlay-type":"","overlay-color":"","overlay-opacity":"","overlay-gradient":""},"mobile":{"background-color":"","background-image":"","background-repeat":"repeat","background-position":"center center","background-size":"auto","background-attachment":"scroll","background-type":"","background-media":"","overlay-type":"","overlay-color":"","overlay-opacity":"","overlay-gradient":""}},"ast-content-background-meta":{"desktop":{"background-color":"var(--ast-global-color-5)","background-image":"","background-repeat":"repeat","background-position":"center center","background-size":"auto","background-attachment":"scroll","background-type":"","background-media":"","overlay-type":"","overlay-color":"","overlay-opacity":"","overlay-gradient":""},"tablet":{"background-color":"var(--ast-global-color-5)","background-image":"","background-repeat":"repeat","background-position":"center center","background-size":"auto","background-attachment":"scroll","background-type":"","background-media":"","overlay-type":"","overlay-color":"","overlay-opacity":"","overlay-gradient":""},"mobile":{"background-color":"var(--ast-global-color-5)","background-image":"","background-repeat":"repeat","background-position":"center center","background-size":"auto","background-attachment":"scroll","background-type":"","background-media":"","overlay-type":"","overlay-color":"","overlay-opacity":"","overlay-gradient":""}},"_themeisle_gutenberg_block_has_review":false},"product_brand":[],"product_cat":[111,640,86,96,84,78],"product_tag":[328,124,650,642,123,621],"class_list":{"0":"post-3961","1":"product","2":"type-product","3":"status-publish","4":"has-post-thumbnail","6":"product_cat-accesorios","7":"product_cat-baterias","8":"product_cat-baterias-y-power-bank","9":"product_cat-camaras-de-fotografia","10":"product_cat-fotografia","11":"product_cat-video","12":"product_tag-accesorio","13":"product_tag-bateria","14":"product_tag-d750-d750-d7100-d7000-d800e-d800-d610-d600","15":"product_tag-generica","16":"product_tag-kastar","17":"product_tag-nikon","18":"desktop-align-center","19":"tablet-align-left","20":"mobile-align-left","22":"first","23":"instock","24":"taxable","25":"shipping-taxable","26":"purchasable","27":"product-type-simple"},"aioseo_notices":[],"jetpack_sharing_enabled":true,"_links":{"self":[{"href":"https:\/\/studio40shop.com.mx\/index.php?rest_route=\/wp\/v2\/product\/3961","targetHints":{"allow":["GET"]}}],"collection":[{"href":"https:\/\/studio40shop.com.mx\/index.php?rest_route=\/wp\/v2\/product"}],"about":[{"href":"https:\/\/studio40shop.com.mx\/index.php?rest_route=\/wp\/v2\/types\/product"}],"replies":[{"embeddable":true,"href":"https:\/\/studio40shop.com.mx\/index.php?rest_route=%2Fwp%2Fv2%2Fcomments&post=3961"}],"wp:featuredmedia":[{"embeddable":true,"href":"https:\/\/studio40shop.com.mx\/index.php?rest_route=\/wp\/v2\/media\/3963"}],"wp:attachment":[{"href":"https:\/\/studio40shop.com.mx\/index.php?rest_route=%2Fwp%2Fv2%2Fmedia&parent=3961"}],"wp:term":[{"taxonomy":"product_brand","embeddable":true,"href":"https:\/\/studio40shop.com.mx\/index.php?rest_route=%2Fwp%2Fv2%2Fproduct_brand&post=3961"},{"taxonomy":"product_cat","embeddable":true,"href":"https:\/\/studio40shop.com.mx\/index.php?rest_route=%2Fwp%2Fv2%2Fproduct_cat&post=3961"},{"taxonomy":"product_tag","embeddable":true,"href":"https:\/\/studio40shop.com.mx\/index.php?rest_route=%2Fwp%2Fv2%2Fproduct_tag&post=3961"}],"curies":[{"name":"wp","href":"https:\/\/api.w.org\/{rel}","templated":true}]}}