{"id":3978,"date":"2023-05-18T18:29:51","date_gmt":"2023-05-18T23:29:51","guid":{"rendered":"https:\/\/studio40shop.com.mx\/?post_type=product&#038;p=3978"},"modified":"2024-03-22T10:29:21","modified_gmt":"2024-03-22T15:29:21","slug":"conector-rj45","status":"publish","type":"product","link":"https:\/\/studio40shop.com.mx\/?product=conector-rj45","title":{"rendered":"CONECTOR RJ45"},"content":{"rendered":"<ul class=\"a-unordered-list a-vertical a-spacing-mini\">\n<li class=\"a-spacing-mini\"><span class=\"a-list-item\">UGREEN red connetor ofrece conectores de engaste RJ45 para CAT 6, CAT5E y CAT5 cables de red. Este conector de red es perfecto para la construcci\u00f3n de cables de red de longitudes personalizadas y de f\u00e1cil conexi\u00f3n para uso personal<\/span><\/li>\n<li class=\"a-spacing-mini\"><span class=\"a-list-item\">Estos conectores RJ45 CAT6 consiguen una mejor transmisi\u00f3n de datos y soportan una velocidad de hasta 1000Mbps. Los enchufes de estilo crimpado 8P8C chapados en oro terminan el cable s\u00f3lido o trenzado con un contacto escalonado de tres puntos para proporcionar una conexi\u00f3n estable y segura<\/span><\/li>\n<li class=\"a-spacing-mini\"><span class=\"a-list-item\">El cuerpo transparente facilita la verificaci\u00f3n de la secuencia de los cables (T568A y T568B) para reducir los desechos y el desperdicio de prensado. Le proporciona un m\u00e9todo r\u00e1pido y eficaz para engarzar conectores de cable ethernet<\/span><\/li>\n<li class=\"a-spacing-mini\"><span class=\"a-list-item\">Estos conectores RJ45 cat6\/cat5 est\u00e1n fabricados con materiales de PC respetuosos con el medio ambiente para garantizar la fiabilidad y la garant\u00eda de calidad, que son resistentes al desgaste y a la suciedad y no son f\u00e1ciles de amarillear<\/span><\/li>\n<\/ul>\n","protected":false},"excerpt":{"rendered":"<p>UGREEN red connetor ofrece conectores de engaste RJ45 para CAT 6, CAT5E y CAT5 cables de red. Este conector de red es perfecto para la construcci\u00f3n de cables de red de longitudes personalizadas y de f\u00e1cil conexi\u00f3n para uso personal Estos conectores RJ45 CAT6 consiguen una mejor transmisi\u00f3n de datos y soportan una velocidad de [&hellip;]<\/p>\n","protected":false},"featured_media":3979,"comment_status":"open","ping_status":"closed","template":"","meta":{"site-sidebar-layout":"default","site-content-layout":"default","ast-site-content-layout":"default","site-content-style":"default","site-sidebar-style":"default","ast-global-header-display":"","ast-banner-title-visibility":"","ast-main-header-display":"","ast-hfb-above-header-display":"","ast-hfb-below-header-display":"","ast-hfb-mobile-header-display":"","site-post-title":"","ast-breadcrumbs-content":"","ast-featured-img":"","footer-sml-layout":"","ast-disable-related-posts":"","theme-transparent-header-meta":"default","adv-header-id-meta":"","stick-header-meta":"","header-above-stick-meta":"","header-main-stick-meta":"","header-below-stick-meta":"","astra-migrate-meta-layouts":"set","ast-page-background-enabled":"default","ast-page-background-meta":{"desktop":{"background-color":"var(--ast-global-color-4)","background-image":"","background-repeat":"repeat","background-position":"center center","background-size":"auto","background-attachment":"scroll","background-type":"","background-media":"","overlay-type":"","overlay-color":"","overlay-opacity":"","overlay-gradient":""},"tablet":{"background-color":"","background-image":"","background-repeat":"repeat","background-position":"center center","background-size":"auto","background-attachment":"scroll","background-type":"","background-media":"","overlay-type":"","overlay-color":"","overlay-opacity":"","overlay-gradient":""},"mobile":{"background-color":"","background-image":"","background-repeat":"repeat","background-position":"center center","background-size":"auto","background-attachment":"scroll","background-type":"","background-media":"","overlay-type":"","overlay-color":"","overlay-opacity":"","overlay-gradient":""}},"ast-content-background-meta":{"desktop":{"background-color":"var(--ast-global-color-5)","background-image":"","background-repeat":"repeat","background-position":"center center","background-size":"auto","background-attachment":"scroll","background-type":"","background-media":"","overlay-type":"","overlay-color":"","overlay-opacity":"","overlay-gradient":""},"tablet":{"background-color":"var(--ast-global-color-5)","background-image":"","background-repeat":"repeat","background-position":"center center","background-size":"auto","background-attachment":"scroll","background-type":"","background-media":"","overlay-type":"","overlay-color":"","overlay-opacity":"","overlay-gradient":""},"mobile":{"background-color":"var(--ast-global-color-5)","background-image":"","background-repeat":"repeat","background-position":"center center","background-size":"auto","background-attachment":"scroll","background-type":"","background-media":"","overlay-type":"","overlay-color":"","overlay-opacity":"","overlay-gradient":""}},"_themeisle_gutenberg_block_has_review":false},"product_brand":[],"product_cat":[117,115,116],"product_tag":[630,678,677,616],"class_list":{"0":"post-3978","1":"product","2":"type-product","3":"status-publish","4":"has-post-thumbnail","6":"product_cat-computo","7":"product_cat-gadgets","8":"product_cat-herramientas","9":"product_tag-conector","10":"product_tag-eternet","11":"product_tag-rj45","12":"product_tag-ungreen","13":"desktop-align-center","14":"tablet-align-left","15":"mobile-align-left","17":"first","18":"instock","19":"featured","20":"taxable","21":"shipping-taxable","22":"purchasable","23":"product-type-simple"},"aioseo_notices":[],"jetpack_sharing_enabled":true,"_links":{"self":[{"href":"https:\/\/studio40shop.com.mx\/index.php?rest_route=\/wp\/v2\/product\/3978","targetHints":{"allow":["GET"]}}],"collection":[{"href":"https:\/\/studio40shop.com.mx\/index.php?rest_route=\/wp\/v2\/product"}],"about":[{"href":"https:\/\/studio40shop.com.mx\/index.php?rest_route=\/wp\/v2\/types\/product"}],"replies":[{"embeddable":true,"href":"https:\/\/studio40shop.com.mx\/index.php?rest_route=%2Fwp%2Fv2%2Fcomments&post=3978"}],"wp:featuredmedia":[{"embeddable":true,"href":"https:\/\/studio40shop.com.mx\/index.php?rest_route=\/wp\/v2\/media\/3979"}],"wp:attachment":[{"href":"https:\/\/studio40shop.com.mx\/index.php?rest_route=%2Fwp%2Fv2%2Fmedia&parent=3978"}],"wp:term":[{"taxonomy":"product_brand","embeddable":true,"href":"https:\/\/studio40shop.com.mx\/index.php?rest_route=%2Fwp%2Fv2%2Fproduct_brand&post=3978"},{"taxonomy":"product_cat","embeddable":true,"href":"https:\/\/studio40shop.com.mx\/index.php?rest_route=%2Fwp%2Fv2%2Fproduct_cat&post=3978"},{"taxonomy":"product_tag","embeddable":true,"href":"https:\/\/studio40shop.com.mx\/index.php?rest_route=%2Fwp%2Fv2%2Fproduct_tag&post=3978"}],"curies":[{"name":"wp","href":"https:\/\/api.w.org\/{rel}","templated":true}]}}