{"id":4092,"date":"2023-06-20T19:06:39","date_gmt":"2023-06-21T00:06:39","guid":{"rendered":"https:\/\/studio40shop.com.mx\/?post_type=product&#038;p=4092"},"modified":"2024-03-02T13:07:25","modified_gmt":"2024-03-02T18:07:25","slug":"lampara-de-luz-led-amaran-cob-60d-aputure","status":"publish","type":"product","link":"https:\/\/studio40shop.com.mx\/?product=lampara-de-luz-led-amaran-cob-60d-aputure","title":{"rendered":"\u00a0LAMPARA DE LUZ LED AMARAN COB 60D APUTURE\u00a0"},"content":{"rendered":"<table class=\"t1\" cellspacing=\"0\" cellpadding=\"0\">\n<tbody>\n<tr>\n<td class=\"td1\" valign=\"top\">\n<p class=\"p2\">De construcci\u00f3n robusta, pero flexible, esta l\u00e1mpara ofrece una temperatura de color s\u00f3lida de <b>5600K (luz de d\u00eda) <\/b>para hacer frente a cualquier escena dominada por la luz del d\u00eda. Su impresionante calificaci\u00f3n CRI de 96 es su garant\u00eda de un alto grado de precisi\u00f3n en la reproducci\u00f3n del color. Es regulable de 0 a 100% sin parpadeo o cambio de color. Tiene ocho efectos especiales que incluyen paparazzi, fuegos artificiales, rayos, bombilla defectuosa, TV, pulso, luz estrobosc\u00f3pica y explosi\u00f3n. Los ajustes se pueden realizar localmente en la unidad o de forma inal\u00e1mbrica a distancia con su tel\u00e9fono inteligente y la aplicaci\u00f3n Sidus Link. 100-240 V\/AC, 50\/60 Hz, 60\u202fW. Incluye reflector Met\u00e1lico.<\/p>\n<\/td>\n<\/tr>\n<\/tbody>\n<\/table>\n","protected":false},"excerpt":{"rendered":"<p>De construcci\u00f3n robusta, pero flexible, esta l\u00e1mpara ofrece una temperatura de color s\u00f3lida de 5600K (luz de d\u00eda) para hacer frente a cualquier escena dominada por la luz del d\u00eda. Su impresionante calificaci\u00f3n CRI de 96 es su garant\u00eda de un alto grado de precisi\u00f3n en la reproducci\u00f3n del color. Es regulable de 0 a [&hellip;]<\/p>\n","protected":false},"featured_media":4093,"comment_status":"open","ping_status":"closed","template":"","meta":{"site-sidebar-layout":"default","site-content-layout":"default","ast-site-content-layout":"default","site-content-style":"default","site-sidebar-style":"default","ast-global-header-display":"","ast-banner-title-visibility":"","ast-main-header-display":"","ast-hfb-above-header-display":"","ast-hfb-below-header-display":"","ast-hfb-mobile-header-display":"","site-post-title":"","ast-breadcrumbs-content":"","ast-featured-img":"","footer-sml-layout":"","ast-disable-related-posts":"","theme-transparent-header-meta":"default","adv-header-id-meta":"","stick-header-meta":"","header-above-stick-meta":"","header-main-stick-meta":"","header-below-stick-meta":"","astra-migrate-meta-layouts":"default","ast-page-background-enabled":"default","ast-page-background-meta":{"desktop":{"background-color":"var(--ast-global-color-4)","background-image":"","background-repeat":"repeat","background-position":"center center","background-size":"auto","background-attachment":"scroll","background-type":"","background-media":"","overlay-type":"","overlay-color":"","overlay-opacity":"","overlay-gradient":""},"tablet":{"background-color":"","background-image":"","background-repeat":"repeat","background-position":"center center","background-size":"auto","background-attachment":"scroll","background-type":"","background-media":"","overlay-type":"","overlay-color":"","overlay-opacity":"","overlay-gradient":""},"mobile":{"background-color":"","background-image":"","background-repeat":"repeat","background-position":"center center","background-size":"auto","background-attachment":"scroll","background-type":"","background-media":"","overlay-type":"","overlay-color":"","overlay-opacity":"","overlay-gradient":""}},"ast-content-background-meta":{"desktop":{"background-color":"var(--ast-global-color-5)","background-image":"","background-repeat":"repeat","background-position":"center center","background-size":"auto","background-attachment":"scroll","background-type":"","background-media":"","overlay-type":"","overlay-color":"","overlay-opacity":"","overlay-gradient":""},"tablet":{"background-color":"var(--ast-global-color-5)","background-image":"","background-repeat":"repeat","background-position":"center center","background-size":"auto","background-attachment":"scroll","background-type":"","background-media":"","overlay-type":"","overlay-color":"","overlay-opacity":"","overlay-gradient":""},"mobile":{"background-color":"var(--ast-global-color-5)","background-image":"","background-repeat":"repeat","background-position":"center center","background-size":"auto","background-attachment":"scroll","background-type":"","background-media":"","overlay-type":"","overlay-color":"","overlay-opacity":"","overlay-gradient":""}},"_themeisle_gutenberg_block_has_review":false},"product_brand":[],"product_cat":[111,84,88,104,109,105],"product_tag":[694,687,693],"class_list":{"0":"post-4092","1":"product","2":"type-product","3":"status-publish","4":"has-post-thumbnail","6":"product_cat-accesorios","7":"product_cat-fotografia","8":"product_cat-iluminacion","9":"product_cat-kits-de-iluminacion","10":"product_cat-luz-continua","11":"product_cat-modificadores-de-luz","12":"product_tag-amaran-cob-60d","13":"product_tag-aputure","14":"product_tag-lampara-de-luz-led","15":"desktop-align-center","16":"tablet-align-left","17":"mobile-align-left","19":"first","20":"outofstock","21":"sale","22":"taxable","23":"shipping-taxable","24":"purchasable","25":"product-type-simple"},"aioseo_notices":[],"jetpack_sharing_enabled":true,"_links":{"self":[{"href":"https:\/\/studio40shop.com.mx\/index.php?rest_route=\/wp\/v2\/product\/4092","targetHints":{"allow":["GET"]}}],"collection":[{"href":"https:\/\/studio40shop.com.mx\/index.php?rest_route=\/wp\/v2\/product"}],"about":[{"href":"https:\/\/studio40shop.com.mx\/index.php?rest_route=\/wp\/v2\/types\/product"}],"replies":[{"embeddable":true,"href":"https:\/\/studio40shop.com.mx\/index.php?rest_route=%2Fwp%2Fv2%2Fcomments&post=4092"}],"wp:featuredmedia":[{"embeddable":true,"href":"https:\/\/studio40shop.com.mx\/index.php?rest_route=\/wp\/v2\/media\/4093"}],"wp:attachment":[{"href":"https:\/\/studio40shop.com.mx\/index.php?rest_route=%2Fwp%2Fv2%2Fmedia&parent=4092"}],"wp:term":[{"taxonomy":"product_brand","embeddable":true,"href":"https:\/\/studio40shop.com.mx\/index.php?rest_route=%2Fwp%2Fv2%2Fproduct_brand&post=4092"},{"taxonomy":"product_cat","embeddable":true,"href":"https:\/\/studio40shop.com.mx\/index.php?rest_route=%2Fwp%2Fv2%2Fproduct_cat&post=4092"},{"taxonomy":"product_tag","embeddable":true,"href":"https:\/\/studio40shop.com.mx\/index.php?rest_route=%2Fwp%2Fv2%2Fproduct_tag&post=4092"}],"curies":[{"name":"wp","href":"https:\/\/api.w.org\/{rel}","templated":true}]}}